CRAN Package Check Results for Package stabiliser

Last updated on 2022-09-25 15:56:55 CEST.

Flavor Version Tinstall Tcheck Ttotal Status Flags
r-devel-linux-x86_64-debian-clang 1.0.2 23.07 477.54 500.61 NOTE
r-devel-linux-x86_64-debian-gcc 1.0.2 17.27 342.92 360.19 NOTE
r-devel-linux-x86_64-fedora-clang 1.0.2 562.32 NOTE
r-devel-linux-x86_64-fedora-gcc 1.0.2 577.78 NOTE
r-devel-windows-x86_64 1.0.2 42.00 529.00 571.00 NOTE
r-patched-linux-x86_64 1.0.2 18.47 448.73 467.20 OK
r-release-linux-x86_64 1.0.2 16.64 450.28 466.92 OK
r-release-macos-arm64 1.0.2 174.00 NOTE
r-release-macos-x86_64 1.0.2 199.00 NOTE
r-release-windows-x86_64 1.0.2 40.00 526.00 566.00 OK
r-oldrel-macos-arm64 1.0.2 178.00 NOTE
r-oldrel-macos-x86_64 1.0.2 185.00 NOTE
r-oldrel-windows-ix86+x86_64 1.0.2 47.00 509.00 556.00 OK

Check Details

Version: 1.0.2
Check: package subdirectories
Result: NOTE
    Problems with news in 'NEWS.md':
     Cannot extract version info from the following section titles:
     Major changes
     Bug fixes
Flavors: r-devel-linux-x86_64-debian-clang, r-devel-linux-x86_64-debian-gcc, r-devel-linux-x86_64-fedora-clang, r-devel-linux-x86_64-fedora-gcc, r-devel-windows-x86_64

Version: 1.0.2
Check: dependencies in R code
Result: NOTE
    Namespace in Imports field not imported from: ‘knitr’
     All declared Imports should be used.
Flavors: r-devel-linux-x86_64-fedora-clang, r-devel-linux-x86_64-fedora-gcc, r-release-macos-arm64, r-release-macos-x86_64, r-oldrel-macos-arm64, r-oldrel-macos-x86_64