Last updated on 2025-01-20 04:48:40 CET.
Flavor | Version | Tinstall | Tcheck | Ttotal | Status | Flags |
---|---|---|---|---|---|---|
r-devel-linux-x86_64-debian-clang | 0.9.3 | 4.11 | 24.28 | 28.39 | OK | |
r-devel-linux-x86_64-debian-gcc | 0.9.3 | 3.49 | 20.11 | 23.60 | OK | |
r-devel-linux-x86_64-fedora-clang | 0.9.3 | 48.56 | OK | |||
r-devel-linux-x86_64-fedora-gcc | 0.9.3 | 64.09 | OK | |||
r-devel-windows-x86_64 | 0.9.3 | 21.00 | 93.00 | 114.00 | OK | |
r-patched-linux-x86_64 | 0.9.3 | 4.08 | 23.31 | 27.39 | OK | |
r-release-linux-x86_64 | 0.9.3 | 4.10 | 23.55 | 27.65 | OK | |
r-release-macos-arm64 | 0.9.3 | 50.00 | OK | |||
r-release-macos-x86_64 | 0.9.3 | 49.00 | OK | |||
r-release-windows-x86_64 | 0.9.3 | 20.00 | 91.00 | 111.00 | NOTE | |
r-oldrel-macos-arm64 | 0.9.3 | 52.00 | OK | |||
r-oldrel-macos-x86_64 | 0.9.3 | 56.00 | OK | |||
r-oldrel-windows-x86_64 | 0.9.3 | 22.00 | 109.00 | 131.00 | NOTE |
Version: 0.9.3
Check: installed package size
Result: NOTE
installed size is 5.7Mb
sub-directories of 1Mb or more:
libs 4.8Mb
Flavors: r-release-windows-x86_64, r-oldrel-windows-x86_64