Last updated on 2022-05-17 04:50:45 CEST.
Flavor | Version | Tinstall | Tcheck | Ttotal | Status | Flags |
---|---|---|---|---|---|---|
r-devel-linux-x86_64-debian-clang | 0.2.1 | 5.53 | 51.59 | 57.12 | OK | |
r-devel-linux-x86_64-debian-gcc | 0.2.1 | 3.60 | 38.17 | 41.77 | OK | |
r-devel-linux-x86_64-fedora-clang | 0.2.1 | 65.43 | NOTE | |||
r-devel-linux-x86_64-fedora-gcc | 0.2.1 | 62.50 | NOTE | |||
r-devel-windows-x86_64 | 0.2.1 | 269.00 | 64.00 | 333.00 | NOTE | |
r-patched-linux-x86_64 | 0.2.1 | 4.09 | 47.63 | 51.72 | OK | |
r-release-linux-x86_64 | 0.2.1 | 4.43 | 47.64 | 52.07 | OK | |
r-release-macos-arm64 | 0.2.1 | 25.00 | NOTE | |||
r-release-macos-x86_64 | 0.2.1 | 35.00 | NOTE | |||
r-release-windows-x86_64 | 0.2.1 | 245.00 | 68.00 | 313.00 | NOTE | |
r-oldrel-macos-arm64 | 0.2.1 | 22.00 | NOTE | |||
r-oldrel-macos-x86_64 | 0.2.1 | 29.00 | NOTE | |||
r-oldrel-windows-ix86+x86_64 | 0.2.1 | 15.00 | 67.00 | 82.00 | NOTE |
Version: 0.2.1
Check: installed package size
Result: NOTE
installed size is 5.8Mb
sub-directories of 1Mb or more:
shiny-squid 5.6Mb
Flavors: r-devel-linux-x86_64-fedora-clang, r-devel-windows-x86_64, r-release-macos-arm64, r-release-macos-x86_64, r-release-windows-x86_64, r-oldrel-macos-arm64, r-oldrel-macos-x86_64, r-oldrel-windows-ix86+x86_64
Version: 0.2.1
Check: dependencies in R code
Result: NOTE
Namespaces in Imports field not imported from:
‘arm’ ‘brms’ ‘lme4’ ‘plotly’ ‘shinyMatrix’
All declared Imports should be used.
Flavors: r-devel-linux-x86_64-fedora-clang, r-devel-linux-x86_64-fedora-gcc, r-release-macos-arm64, r-release-macos-x86_64, r-oldrel-macos-arm64, r-oldrel-macos-x86_64