CRAN Package Check Results for Package sqliteutils

Last updated on 2022-05-27 04:56:50 CEST.

Flavor Version Tinstall Tcheck Ttotal Status Flags
r-devel-linux-x86_64-debian-clang 0.1.0 1.62 35.32 36.94 OK
r-devel-linux-x86_64-debian-gcc 0.1.0 1.67 27.38 29.05 OK
r-devel-linux-x86_64-fedora-clang 0.1.0 45.71 NOTE
r-devel-linux-x86_64-fedora-gcc 0.1.0 34.09 NOTE
r-devel-windows-x86_64 0.1.0 14.00 52.00 66.00 OK
r-patched-linux-x86_64 0.1.0 1.32 34.31 35.63 OK
r-release-linux-x86_64 0.1.0 2.07 34.51 36.58 OK
r-release-macos-arm64 0.1.0 17.00 NOTE
r-release-macos-x86_64 0.1.0 34.00 NOTE
r-release-windows-x86_64 0.1.0 14.00 51.00 65.00 OK
r-oldrel-macos-arm64 0.1.0 18.00 NOTE
r-oldrel-macos-x86_64 0.1.0 21.00 NOTE
r-oldrel-windows-ix86+x86_64 0.1.0 5.00 46.00 51.00 OK

Check Details

Version: 0.1.0
Check: dependencies in R code
Result: NOTE
    Namespaces in Imports field not imported from:
     ‘DBI’ ‘RSQLite’ ‘dbplyr’ ‘dplyr’
     All declared Imports should be used.
Flavors: r-devel-linux-x86_64-fedora-clang, r-devel-linux-x86_64-fedora-gcc, r-release-macos-arm64, r-release-macos-x86_64, r-oldrel-macos-arm64, r-oldrel-macos-x86_64