Last updated on 2022-05-20 15:52:19 CEST.
Flavor | Version | Tinstall | Tcheck | Ttotal | Status | Flags |
---|---|---|---|---|---|---|
r-devel-linux-x86_64-debian-clang | 1.0.0 | 279.08 | 247.02 | 526.10 | NOTE | |
r-devel-linux-x86_64-debian-gcc | 1.0.0 | 244.08 | 199.46 | 443.54 | NOTE | |
r-devel-linux-x86_64-fedora-clang | 1.0.0 | 697.03 | NOTE | |||
r-devel-linux-x86_64-fedora-gcc | 1.0.0 | 715.92 | NOTE | |||
r-devel-windows-x86_64 | 1.0.0 | 185.00 | 319.00 | 504.00 | NOTE | |
r-patched-linux-x86_64 | 1.0.0 | 244.96 | 259.88 | 504.84 | NOTE | |
r-release-linux-x86_64 | 1.0.0 | 202.89 | 263.83 | 466.72 | NOTE | |
r-release-macos-arm64 | 1.0.0 | 191.00 | NOTE | |||
r-release-macos-x86_64 | 1.0.0 | 308.00 | NOTE | |||
r-release-windows-x86_64 | 1.0.0 | 195.00 | 308.00 | 503.00 | NOTE | |
r-oldrel-macos-arm64 | 1.0.0 | 271.00 | NOTE | |||
r-oldrel-macos-x86_64 | 1.0.0 | 357.00 | NOTE | |||
r-oldrel-windows-ix86+x86_64 | 1.0.0 | 586.00 | 402.00 | 988.00 | NOTE |
Version: 1.0.0
Check: LazyData
Result: NOTE
'LazyData' is specified without a 'data' directory
Flavors: r-devel-linux-x86_64-debian-clang, r-devel-linux-x86_64-debian-gcc, r-devel-linux-x86_64-fedora-clang, r-devel-linux-x86_64-fedora-gcc, r-devel-windows-x86_64, r-patched-linux-x86_64, r-release-linux-x86_64, r-release-macos-arm64, r-release-macos-x86_64, r-release-windows-x86_64, r-oldrel-macos-arm64, r-oldrel-macos-x86_64, r-oldrel-windows-ix86+x86_64
Version: 1.0.0
Check: for GNU extensions in Makefiles
Result: NOTE
GNU make is a SystemRequirements.
Flavors: r-devel-linux-x86_64-debian-clang, r-devel-linux-x86_64-debian-gcc, r-devel-linux-x86_64-fedora-clang, r-devel-linux-x86_64-fedora-gcc, r-devel-windows-x86_64, r-patched-linux-x86_64, r-release-linux-x86_64, r-release-macos-arm64, r-release-macos-x86_64, r-release-windows-x86_64, r-oldrel-macos-arm64, r-oldrel-macos-x86_64, r-oldrel-windows-ix86+x86_64
Version: 1.0.0
Check: installed package size
Result: NOTE
installed size is 37.9Mb
sub-directories of 1Mb or more:
doc 1.5Mb
libs 36.0Mb
Flavors: r-devel-linux-x86_64-fedora-clang, r-release-macos-arm64, r-release-macos-x86_64, r-oldrel-macos-arm64, r-oldrel-macos-x86_64, r-oldrel-windows-ix86+x86_64
Version: 1.0.0
Check: dependencies in R code
Result: NOTE
Namespace in Imports field not imported from: ‘rstantools’
All declared Imports should be used.
Flavors: r-devel-linux-x86_64-fedora-clang, r-devel-linux-x86_64-fedora-gcc, r-release-macos-arm64, r-release-macos-x86_64, r-oldrel-macos-arm64, r-oldrel-macos-x86_64