CRAN Package Check Results for Package spsh

Last updated on 2022-07-02 03:51:40 CEST.

Flavor Version Tinstall Tcheck Ttotal Status Flags
r-devel-linux-x86_64-debian-clang 1.1.0 6.65 46.58 53.23 NOTE
r-devel-linux-x86_64-debian-gcc 1.1.0 4.72 36.29 41.01 NOTE
r-devel-linux-x86_64-fedora-clang 1.1.0 73.78 NOTE
r-devel-linux-x86_64-fedora-gcc 1.1.0 72.21 NOTE
r-devel-windows-x86_64 1.1.0 19.00 75.00 94.00 NOTE
r-patched-linux-x86_64 1.1.0 7.68 44.87 52.55 OK
r-release-linux-x86_64 1.1.0 4.77 45.31 50.08 OK
r-release-macos-arm64 1.1.0 24.00 OK
r-release-macos-x86_64 1.1.0 34.00 OK
r-release-windows-x86_64 1.1.0 19.00 80.00 99.00 OK
r-oldrel-macos-arm64 1.1.0 30.00 OK
r-oldrel-macos-x86_64 1.1.0 45.00 OK
r-oldrel-windows-ix86+x86_64 1.1.0 13.00 68.00 81.00 OK

Check Details

Version: 1.1.0
Check: Rd files
Result: NOTE
    checkRd: (-1) shypEstFun.Rd:52: Escaped LaTeX specials: \$
    checkRd: (-1) shypEstFun.Rd:54: Escaped LaTeX specials: \$
Flavors: r-devel-linux-x86_64-debian-clang, r-devel-linux-x86_64-debian-gcc, r-devel-linux-x86_64-fedora-clang, r-devel-linux-x86_64-fedora-gcc, r-devel-windows-x86_64