Last updated on 2023-12-09 15:52:37 CET.
Flavor | Version | Tinstall | Tcheck | Ttotal | Status | Flags |
---|---|---|---|---|---|---|
r-devel-linux-x86_64-debian-clang | 0.1.0 | 2.13 | 23.85 | 25.98 | NOTE | |
r-devel-linux-x86_64-debian-gcc | 0.1.0 | 1.92 | 19.21 | 21.13 | NOTE | |
r-devel-linux-x86_64-fedora-clang | 0.1.0 | 33.99 | NOTE | |||
r-devel-linux-x86_64-fedora-gcc | 0.1.0 | 31.62 | NOTE | |||
r-devel-windows-x86_64 | 0.1.0 | 3.00 | 43.00 | 46.00 | NOTE | |
r-patched-linux-x86_64 | 0.1.0 | 2.79 | 23.93 | 26.72 | OK | |
r-release-linux-x86_64 | 0.1.0 | 2.38 | 23.81 | 26.19 | OK | |
r-release-macos-arm64 | 0.1.0 | 17.00 | OK | |||
r-release-macos-x86_64 | 0.1.0 | 20.00 | OK | |||
r-release-windows-x86_64 | 0.1.0 | 3.00 | 45.00 | 48.00 | OK | |
r-oldrel-macos-arm64 | 0.1.0 | 17.00 | OK | |||
r-oldrel-macos-x86_64 | 0.1.0 | 23.00 | OK | |||
r-oldrel-windows-x86_64 | 0.1.0 | 4.00 | 44.00 | 48.00 | OK |
Version: 0.1.0
Check: Rd files
Result: NOTE
checkRd: (-1) wood_inv_solve.Rd:7: Lost braces; missing escapes or markup?
7 | using the Woodbury formula. The function \code{mmqn_step} invokes \code{wood_inv_solve} instead of {ddg} if the argument
| ^
checkRd: (-1) wood_inv_solve.Rd:26: Lost braces; missing escapes or markup?
26 | using the Woodbury formula. The function \code{mmqn_step} invokes \code{wood_inv_solve} instead of {ddg} if the argument
| ^
Flavors: r-devel-linux-x86_64-debian-clang, r-devel-linux-x86_64-debian-gcc
Version: 0.1.0
Check: Rd metadata
Result: NOTE
Invalid package aliases in Rd file 'split_feasibility.Rd':
‘split_feasibility-package’
Flavors: r-devel-linux-x86_64-debian-clang, r-devel-linux-x86_64-debian-gcc, r-devel-linux-x86_64-fedora-clang, r-devel-linux-x86_64-fedora-gcc, r-devel-windows-x86_64