CRAN Package Check Results for Package spinBayes

Last updated on 2022-05-21 04:59:21 CEST.

Flavor Version Tinstall Tcheck Ttotal Status Flags
r-devel-linux-x86_64-debian-clang 0.1.0 131.69 55.36 187.05 OK
r-devel-linux-x86_64-debian-gcc 0.1.0 105.49 41.38 146.87 OK
r-devel-linux-x86_64-fedora-clang 0.1.0 279.58 NOTE
r-devel-linux-x86_64-fedora-gcc 0.1.0 239.13 NOTE
r-devel-windows-x86_64 0.1.0 107.00 92.00 199.00 OK
r-patched-linux-x86_64 0.1.0 105.31 54.43 159.74 OK
r-release-linux-x86_64 0.1.0 109.34 54.21 163.55 OK
r-release-macos-arm64 0.1.0 61.00 NOTE
r-release-macos-x86_64 0.1.0 75.00 NOTE
r-release-windows-x86_64 0.1.0 101.00 96.00 197.00 OK
r-oldrel-macos-arm64 0.1.0 69.00 NOTE
r-oldrel-macos-x86_64 0.1.0 93.00 NOTE
r-oldrel-windows-ix86+x86_64 0.1.0 310.00 102.00 412.00 OK

Check Details

Version: 0.1.0
Check: installed package size
Result: NOTE
     installed size is 5.2Mb
     sub-directories of 1Mb or more:
     libs 4.6Mb
Flavors: r-devel-linux-x86_64-fedora-clang, r-release-macos-arm64, r-release-macos-x86_64, r-oldrel-macos-arm64, r-oldrel-macos-x86_64

Version: 0.1.0
Check: dependencies in R code
Result: NOTE
    Namespace in Imports field not imported from: ‘MASS’
     All declared Imports should be used.
Flavors: r-devel-linux-x86_64-fedora-clang, r-devel-linux-x86_64-fedora-gcc, r-release-macos-arm64, r-release-macos-x86_64, r-oldrel-macos-arm64, r-oldrel-macos-x86_64