Last updated on 2022-06-30 03:53:36 CEST.
Flavor | Version | Tinstall | Tcheck | Ttotal | Status | Flags |
---|---|---|---|---|---|---|
r-devel-linux-x86_64-debian-clang | 0.2.1 | 9.94 | 82.87 | 92.81 | NOTE | |
r-devel-linux-x86_64-debian-gcc | 0.2.1 | 7.95 | 60.34 | 68.29 | NOTE | |
r-devel-linux-x86_64-fedora-clang | 0.2.1 | 116.69 | NOTE | |||
r-devel-linux-x86_64-fedora-gcc | 0.2.1 | 115.12 | NOTE | |||
r-devel-windows-x86_64 | 0.2.1 | 21.00 | 105.00 | 126.00 | NOTE | |
r-patched-linux-x86_64 | 0.2.1 | 10.37 | 76.88 | 87.25 | NOTE | |
r-release-linux-x86_64 | 0.2.1 | 7.26 | 75.68 | 82.94 | NOTE | |
r-release-macos-arm64 | 0.2.1 | 43.00 | NOTE | |||
r-release-macos-x86_64 | 0.2.1 | 63.00 | NOTE | |||
r-release-windows-x86_64 | 0.2.1 | 22.00 | 106.00 | 128.00 | NOTE | |
r-oldrel-macos-arm64 | 0.2.1 | 43.00 | NOTE | |||
r-oldrel-macos-x86_64 | 0.2.1 | 69.00 | NOTE | |||
r-oldrel-windows-ix86+x86_64 | 0.2.1 | 24.00 | 99.00 | 123.00 | NOTE |
Version: 0.2.1
Check: LazyData
Result: NOTE
'LazyData' is specified without a 'data' directory
Flavors: r-devel-linux-x86_64-debian-clang, r-devel-linux-x86_64-debian-gcc, r-devel-linux-x86_64-fedora-clang, r-devel-linux-x86_64-fedora-gcc, r-devel-windows-x86_64, r-patched-linux-x86_64, r-release-linux-x86_64, r-release-macos-arm64, r-release-macos-x86_64, r-release-windows-x86_64, r-oldrel-macos-arm64, r-oldrel-macos-x86_64, r-oldrel-windows-ix86+x86_64
Version: 0.2.1
Check: dependencies in R code
Result: NOTE
Namespace in Imports field not imported from: ‘readr’
All declared Imports should be used.
Flavors: r-devel-linux-x86_64-fedora-clang, r-devel-linux-x86_64-fedora-gcc, r-release-macos-arm64, r-release-macos-x86_64, r-oldrel-macos-arm64, r-oldrel-macos-x86_64