CRAN Package Check Results for Package sphet

Last updated on 2022-05-16 03:53:44 CEST.

Flavor Version Tinstall Tcheck Ttotal Status Flags
r-devel-linux-x86_64-debian-clang 2.0 39.44 425.51 464.95 OK
r-devel-linux-x86_64-debian-gcc 2.0 33.45 309.13 342.58 OK
r-devel-linux-x86_64-fedora-clang 2.0 539.39 NOTE
r-devel-linux-x86_64-fedora-gcc 2.0 577.90 NOTE
r-devel-windows-x86_64 2.0 45.00 413.00 458.00 OK
r-patched-linux-x86_64 2.0 38.40 401.36 439.76 OK
r-release-linux-x86_64 2.0 34.82 403.12 437.94 OK
r-release-macos-arm64 2.0 132.00 NOTE
r-release-macos-x86_64 2.0 192.00 NOTE
r-release-windows-x86_64 2.0 53.00 413.00 466.00 OK
r-oldrel-macos-arm64 2.0 115.00 NOTE
r-oldrel-macos-x86_64 2.0 187.00 NOTE
r-oldrel-windows-ix86+x86_64 2.0 90.00 411.00 501.00 OK

Check Details

Version: 2.0
Check: dependencies in R code
Result: NOTE
    Namespaces in Imports field not imported from:
     ‘sf’ ‘spData’
     All declared Imports should be used.
Flavors: r-devel-linux-x86_64-fedora-clang, r-devel-linux-x86_64-fedora-gcc, r-release-macos-arm64, r-release-macos-x86_64, r-oldrel-macos-arm64, r-oldrel-macos-x86_64