CRAN Package Check Results for Package spectralAnalysis

Last updated on 2024-02-21 03:57:21 CET.

Flavor Version Tinstall Tcheck Ttotal Status Flags
r-devel-linux-x86_64-debian-clang 4.3.3 OK
r-devel-linux-x86_64-debian-gcc 4.3.3 16.91 210.77 227.68 OK
r-devel-linux-x86_64-fedora-clang 4.3.3 360.10 NOTE
r-devel-linux-x86_64-fedora-gcc 4.3.3 387.05 OK
r-devel-windows-x86_64 4.3.3 19.00 211.00 230.00 NOTE
r-patched-linux-x86_64 4.3.3 20.15 219.16 239.31 OK
r-release-linux-x86_64 4.3.3 13.16 260.51 273.67 OK
r-release-macos-arm64 4.3.3 108.00 WARN
r-release-macos-x86_64 4.3.3 227.00 WARN
r-release-windows-x86_64 4.3.3 24.00 259.00 283.00 NOTE
r-oldrel-macos-arm64 4.3.3 92.00 WARN
r-oldrel-windows-x86_64 4.3.3 26.00 251.00 277.00 NOTE

Check Details

Version: 4.3.3
Check: installed package size
Result: NOTE installed size is 6.1Mb sub-directories of 1Mb or more: doc 4.6Mb Flavors: r-devel-linux-x86_64-fedora-clang, r-devel-windows-x86_64, r-release-macos-arm64, r-release-macos-x86_64, r-release-windows-x86_64, r-oldrel-macos-arm64, r-oldrel-windows-x86_64

Version: 4.3.3
Check: for missing documentation entries
Result: WARN Undocumented S4 methods: generic '[' and siglist 'SpectraInTime,ANY,missing,ANY' generic '[' and siglist 'SpectraInTime,missing,ANY,ANY' generic '[' and siglist 'SpectraInTime,missing,missing,ANY' generic '[' and siglist 'SpectraInTimeComp,ANY,ANY,ANY' generic '[' and siglist 'SpectraInTimeComp,ANY,missing,ANY' generic '[' and siglist 'SpectraInTimeComp,missing,ANY,ANY' All user-level objects in a package (including S4 classes and methods) should have documentation entries. See chapter ‘Writing R documentation files’ in the ‘Writing R Extensions’ manual. Flavors: r-release-macos-arm64, r-release-macos-x86_64, r-oldrel-macos-arm64