CRAN Package Check Results for Package spatstat.core

Last updated on 2022-05-19 15:53:31 CEST.

Flavor Version Tinstall Tcheck Ttotal Status Flags
r-devel-linux-x86_64-debian-clang 2.4-2 86.09 828.87 914.96 WARN
r-devel-linux-x86_64-debian-gcc 2.4-4 71.36 591.53 662.89 NOTE
r-devel-linux-x86_64-fedora-clang 2.4-4 783.86 NOTE
r-devel-linux-x86_64-fedora-gcc 2.4-4 781.66 NOTE
r-devel-windows-x86_64 2.4-2 895.00 225.00 1120.00 WARN --no-examples --no-tests --no-vignettes
r-patched-linux-x86_64 2.4-2 118.04 758.34 876.38 WARN
r-release-linux-x86_64 2.4-2 78.19 751.22 829.41 WARN
r-release-macos-arm64 2.4-4 313.00 NOTE
r-release-macos-x86_64 2.4-2 368.00 NOTE
r-release-windows-x86_64 2.4-2 182.00 199.00 381.00 NOTE --no-examples --no-tests --no-vignettes
r-oldrel-macos-arm64 2.4-4 275.00 NOTE
r-oldrel-macos-x86_64 2.4-2 367.00 NOTE
r-oldrel-windows-ix86+x86_64 2.4-4 167.00 228.00 395.00 NOTE --no-examples --no-tests --no-vignettes

Check Details

Version: 2.4-2
Check: package dependencies
Result: NOTE
    Package suggested but not available for checking: 'RandomFields'
Flavors: r-devel-linux-x86_64-debian-clang, r-patched-linux-x86_64, r-release-linux-x86_64

Version: 2.4-2
Check: use of S3 registration
Result: WARN
    Registered S3 method from a standard package overwritten by 'spatstat.core':
     method from
     formula.glmmPQL MASS
Flavors: r-devel-linux-x86_64-debian-clang, r-patched-linux-x86_64, r-release-linux-x86_64

Version: 2.4-2
Check: Rd cross-references
Result: NOTE
    Unknown package 'RandomFields' in Rd xrefs
Flavors: r-devel-linux-x86_64-debian-clang, r-patched-linux-x86_64, r-release-linux-x86_64

Version: 2.4-4
Check: package dependencies
Result: NOTE
    Package suggested but not available for checking: ‘RandomFields’
Flavors: r-devel-linux-x86_64-debian-gcc, r-devel-linux-x86_64-fedora-clang, r-devel-linux-x86_64-fedora-gcc

Version: 2.4-4
Check: Rd cross-references
Result: NOTE
    Unknown package ‘RandomFields’ in Rd xrefs
Flavors: r-devel-linux-x86_64-debian-gcc, r-devel-linux-x86_64-fedora-clang, r-devel-linux-x86_64-fedora-gcc

Version: 2.4-4
Check: installed package size
Result: NOTE
     installed size is 6.6Mb
     sub-directories of 1Mb or more:
     R 3.0Mb
     help 2.8Mb
Flavors: r-devel-linux-x86_64-fedora-clang, r-release-macos-arm64, r-oldrel-macos-arm64

Version: 2.4-2
Flags: --no-examples --no-tests --no-vignettes
Check: installed package size
Result: NOTE
     installed size is 6.2Mb
     sub-directories of 1Mb or more:
     R 2.9Mb
     help 2.8Mb
Flavors: r-devel-windows-x86_64, r-release-windows-x86_64

Version: 2.4-2
Flags: --no-examples --no-tests --no-vignettes
Check: use of S3 registration
Result: WARN
    Registered S3 method from a standard package overwritten by 'spatstat.core':
     method from
     formula.glmmPQL MASS
Flavor: r-devel-windows-x86_64

Version: 2.4-2
Check: installed package size
Result: NOTE
     installed size is 6.5Mb
     sub-directories of 1Mb or more:
     R 2.9Mb
     help 2.8Mb
Flavors: r-release-macos-x86_64, r-oldrel-macos-x86_64

Version: 2.4-4
Flags: --no-examples --no-tests --no-vignettes
Check: installed package size
Result: NOTE
     installed size is 6.5Mb
     sub-directories of 1Mb or more:
     R 3.0Mb
     help 2.8Mb
Flavor: r-oldrel-windows-ix86+x86_64