CRAN Package Check Results for Package spatialrisk

Last updated on 2022-05-24 15:52:58 CEST.

Flavor Version Tinstall Tcheck Ttotal Status Flags
r-devel-linux-x86_64-debian-clang 0.7.0 58.43 369.22 427.65 OK
r-devel-linux-x86_64-debian-gcc 0.7.0 47.50 270.17 317.67 OK
r-devel-linux-x86_64-fedora-clang 0.7.0 518.49 NOTE
r-devel-linux-x86_64-fedora-gcc 0.7.0 476.28 NOTE
r-devel-windows-x86_64 0.7.0 80.00 379.00 459.00 NOTE
r-patched-linux-x86_64 0.7.0 43.35 348.87 392.22 OK
r-release-linux-x86_64 0.7.0 OK
r-release-macos-arm64 0.7.0 134.00 NOTE
r-release-macos-x86_64 0.7.0 225.00 NOTE
r-release-windows-x86_64 0.7.0 75.00 389.00 464.00 NOTE
r-oldrel-macos-arm64 0.7.0 131.00 NOTE
r-oldrel-macos-x86_64 0.7.0 173.00 NOTE
r-oldrel-windows-ix86+x86_64 0.7.0 134.00 522.00 656.00 NOTE

Check Details

Version: 0.7.0
Check: installed package size
Result: NOTE
     installed size is 5.3Mb
     sub-directories of 1Mb or more:
     data 2.6Mb
     help 1.7Mb
Flavors: r-devel-linux-x86_64-fedora-clang, r-devel-windows-x86_64, r-release-macos-arm64, r-release-macos-x86_64, r-release-windows-x86_64, r-oldrel-macos-arm64, r-oldrel-macos-x86_64, r-oldrel-windows-ix86+x86_64

Version: 0.7.0
Check: data for non-ASCII characters
Result: NOTE
     Note: found 283 marked UTF-8 strings
Flavors: r-devel-linux-x86_64-fedora-clang, r-devel-linux-x86_64-fedora-gcc, r-release-macos-arm64, r-release-macos-x86_64, r-oldrel-macos-arm64, r-oldrel-macos-x86_64