CRAN Package Check Results for Package spatialfusion

Last updated on 2022-09-28 03:55:07 CEST.

Flavor Version Tinstall Tcheck Ttotal Status Flags
r-devel-linux-x86_64-debian-clang 0.6-6 15.79 139.44 155.23 NOTE
r-devel-linux-x86_64-debian-gcc 0.6-6 12.27 102.48 114.75 NOTE
r-devel-linux-x86_64-fedora-clang 0.6-6 201.79 OK
r-devel-linux-x86_64-fedora-gcc 0.6-6 190.24 OK
r-devel-windows-x86_64 0.6-6 54.00 158.00 212.00 NOTE
r-patched-linux-x86_64 0.6-6 17.86 130.02 147.88 NOTE
r-release-linux-x86_64 0.6-6 10.85 131.80 142.65 NOTE
r-release-macos-arm64 0.6-6 45.00 NOTE
r-release-macos-x86_64 0.6-6 76.00 NOTE
r-release-windows-x86_64 0.6-6 40.00 167.00 207.00 NOTE
r-oldrel-macos-arm64 0.6-6 46.00 NOTE
r-oldrel-macos-x86_64 0.6-6 76.00 NOTE
r-oldrel-windows-ix86+x86_64 0.6-6 34.00 158.00 192.00 OK

Check Details

Version: 0.6-6
Check: package dependencies
Result: NOTE
    Package suggested but not available for checking: 'INLA'
Flavors: r-devel-linux-x86_64-debian-clang, r-devel-linux-x86_64-debian-gcc, r-devel-windows-x86_64, r-patched-linux-x86_64, r-release-linux-x86_64, r-release-macos-arm64, r-release-macos-x86_64, r-release-windows-x86_64, r-oldrel-macos-arm64, r-oldrel-macos-x86_64