CRAN Package Check Results for Package sparseMatEst

Last updated on 2022-08-07 15:56:02 CEST.

Flavor Version Tinstall Tcheck Ttotal Status Flags
r-devel-linux-x86_64-debian-clang 1.0.0 2.32 23.69 26.01 NOTE
r-devel-linux-x86_64-debian-gcc 1.0.0 1.86 18.46 20.32 NOTE
r-devel-linux-x86_64-fedora-clang 1.0.0 42.40 NOTE
r-devel-linux-x86_64-fedora-gcc 1.0.0 40.97 NOTE
r-devel-windows-x86_64 1.0.0 30.00 47.00 77.00 NOTE
r-patched-linux-x86_64 1.0.0 1.79 22.70 24.49 NOTE
r-release-linux-x86_64 1.0.0 2.28 24.10 26.38 NOTE
r-release-macos-arm64 1.0.0 18.00 NOTE
r-release-macos-x86_64 1.0.0 22.00 NOTE
r-release-windows-x86_64 1.0.0 7.00 46.00 53.00 NOTE
r-oldrel-macos-arm64 1.0.0 17.00 NOTE
r-oldrel-macos-x86_64 1.0.0 25.00 NOTE
r-oldrel-windows-ix86+x86_64 1.0.0 5.00 28.00 33.00 NOTE

Check Details

Version: 1.0.0
Check: LazyData
Result: NOTE
     'LazyData' is specified without a 'data' directory
Flavors: r-devel-linux-x86_64-debian-clang, r-devel-linux-x86_64-debian-gcc, r-devel-linux-x86_64-fedora-clang, r-devel-linux-x86_64-fedora-gcc, r-devel-windows-x86_64, r-patched-linux-x86_64, r-release-linux-x86_64, r-release-macos-arm64, r-release-macos-x86_64, r-release-windows-x86_64, r-oldrel-macos-arm64, r-oldrel-macos-x86_64, r-oldrel-windows-ix86+x86_64