Last updated on 2022-06-28 03:51:43 CEST.
Flavor | Version | Tinstall | Tcheck | Ttotal | Status | Flags |
---|---|---|---|---|---|---|
r-devel-linux-x86_64-debian-clang | 0.2.0.1 | 85.04 | 96.38 | 181.42 | OK | |
r-devel-linux-x86_64-debian-gcc | 0.2.0.1 | 63.19 | 72.77 | 135.96 | OK | |
r-devel-linux-x86_64-fedora-clang | 0.2.0.1 | 258.12 | NOTE | |||
r-devel-linux-x86_64-fedora-gcc | 0.2.0.1 | 232.70 | NOTE | |||
r-devel-windows-x86_64 | 0.2.0.1 | 65.00 | 141.00 | 206.00 | OK | |
r-patched-linux-x86_64 | 0.2.0.1 | 48.54 | 92.48 | 141.02 | OK | |
r-release-linux-x86_64 | 0.2.0.1 | 56.08 | 89.92 | 146.00 | OK | |
r-release-macos-arm64 | 0.2.0.1 | 62.00 | NOTE | |||
r-release-macos-x86_64 | 0.2.0.1 | 112.00 | NOTE | |||
r-release-windows-x86_64 | 0.2.0.1 | 73.00 | 144.00 | 217.00 | OK | |
r-oldrel-macos-arm64 | 0.2.0.1 | 69.00 | NOTE | |||
r-oldrel-macos-x86_64 | 0.2.0.1 | 120.00 | NOTE | |||
r-oldrel-windows-ix86+x86_64 | 0.2.0.1 | 190.00 | 163.00 | 353.00 | OK |
Version: 0.2.0.1
Check: installed package size
Result: NOTE
installed size is 14.6Mb
sub-directories of 1Mb or more:
libs 14.5Mb
Flavors: r-devel-linux-x86_64-fedora-clang, r-release-macos-arm64, r-release-macos-x86_64, r-oldrel-macos-arm64, r-oldrel-macos-x86_64
Version: 0.2.0.1
Check: compiled code
Result: NOTE
File ‘sparseLTSEigen/libs/sparseLTSEigen.so’:
Found no calls to: ‘R_registerRoutines’, ‘R_useDynamicSymbols’
It is good practice to register native routines and to disable symbol
search.
See ‘Writing portable packages’ in the ‘Writing R Extensions’ manual.
Flavors: r-devel-linux-x86_64-fedora-clang, r-devel-linux-x86_64-fedora-gcc