CRAN Package Check Results for Package sparseEigen

Last updated on 2022-05-25 04:55:37 CEST.

Flavor Version Tinstall Tcheck Ttotal Status Flags
r-devel-linux-x86_64-debian-clang 0.1.0 2.31 135.93 138.24 NOTE
r-devel-linux-x86_64-debian-gcc 0.1.0 2.14 100.39 102.53 NOTE
r-devel-linux-x86_64-fedora-clang 0.1.0 172.70 NOTE
r-devel-linux-x86_64-fedora-gcc 0.1.0 184.73 NOTE
r-devel-windows-x86_64 0.1.0 24.00 151.00 175.00 NOTE
r-patched-linux-x86_64 0.1.0 3.06 136.99 140.05 NOTE
r-release-linux-x86_64 0.1.0 NOTE
r-release-macos-arm64 0.1.0 53.00 NOTE
r-release-macos-x86_64 0.1.0 72.00 NOTE
r-release-windows-x86_64 0.1.0 24.00 151.00 175.00 NOTE
r-oldrel-macos-arm64 0.1.0 59.00 NOTE
r-oldrel-macos-x86_64 0.1.0 103.00 NOTE
r-oldrel-windows-ix86+x86_64 0.1.0 7.00 156.00 163.00 NOTE

Check Details

Version: 0.1.0
Check: LazyData
Result: NOTE
     'LazyData' is specified without a 'data' directory
Flavors: r-devel-linux-x86_64-debian-clang, r-devel-linux-x86_64-debian-gcc, r-devel-linux-x86_64-fedora-clang, r-devel-linux-x86_64-fedora-gcc, r-devel-windows-x86_64, r-patched-linux-x86_64, r-release-linux-x86_64, r-release-macos-arm64, r-release-macos-x86_64, r-release-windows-x86_64, r-oldrel-macos-arm64, r-oldrel-macos-x86_64, r-oldrel-windows-ix86+x86_64