CRAN Package Check Results for Package sparklyr

Last updated on 2022-01-24 03:51:45 CET.

Flavor Version Tinstall Tcheck Ttotal Status Flags
r-devel-linux-x86_64-debian-clang 1.7.4 36.59 180.62 217.21 OK
r-devel-linux-x86_64-debian-gcc 1.7.4 26.59 136.36 162.95 OK
r-devel-linux-x86_64-fedora-clang 1.7.4 265.62 NOTE
r-devel-linux-x86_64-fedora-gcc 1.7.4 248.08 NOTE
r-devel-windows-x86_64-new-UL 1.7.4 833.00 222.00 1055.00 NOTE
r-devel-windows-x86_64-new-TK 1.7.4 NOTE
r-patched-linux-x86_64 1.7.4 45.66 173.98 219.64 OK
r-release-linux-x86_64 1.7.4 27.88 173.40 201.28 OK
r-release-macos-arm64 1.7.4 NOTE
r-release-macos-x86_64 1.7.4 WARN --as-cran
r-release-windows-ix86+x86_64 1.7.4 61.00 195.00 256.00 NOTE
r-oldrel-macos-x86_64 1.7.3 NOTE
r-oldrel-windows-ix86+x86_64 1.7.4 59.00 193.00 252.00 NOTE

Check Details

Version: 1.7.4
Check: package dependencies
Result: NOTE
    Imports includes 31 non-default packages.
    Importing from so many packages makes the package vulnerable to any of
    them becoming unavailable. Move as many as possible to Suggests and
    use conditionally.
Flavor: r-devel-linux-x86_64-fedora-clang

Version: 1.7.4
Check: installed package size
Result: NOTE
     installed size is 6.3Mb
     sub-directories of 1Mb or more:
     R 1.5Mb
     java 3.4Mb
Flavors: r-devel-linux-x86_64-fedora-clang, r-devel-windows-x86_64-new-UL, r-release-macos-arm64, r-release-windows-ix86+x86_64, r-oldrel-windows-ix86+x86_64

Version: 1.7.4
Check: dependencies in R code
Result: NOTE
    Namespace in Imports field not imported from: ‘lifecycle’
     All declared Imports should be used.
Flavors: r-devel-linux-x86_64-fedora-clang, r-devel-linux-x86_64-fedora-gcc, r-devel-windows-x86_64-new-TK, r-release-macos-arm64

Version: 1.7.4
Flags: --as-cran
Check: CRAN incoming feasibility
Result: WARN
    Maintainer: ‘Edgar Ruiz <edgar@rstudio.com>’
    
    Insufficient package version (submitted: 1.7.4, existing: 1.7.4)
    
    Days since last update: 1
Flavor: r-release-macos-x86_64

Version: 1.7.4
Flags: --as-cran
Check: package dependencies
Result: NOTE
    Imports includes 31 non-default packages.
    Importing from so many packages makes the package vulnerable to any of
    them becoming unavailable. Move as many as possible to Suggests and
    use conditionally.
Flavor: r-release-macos-x86_64

Version: 1.7.4
Flags: --as-cran
Check: installed package size
Result: NOTE
     installed size is 6.2Mb
     sub-directories of 1Mb or more:
     R 1.5Mb
     java 3.4Mb
Flavor: r-release-macos-x86_64

Version: 1.7.4
Flags: --as-cran
Check: top-level files
Result: NOTE
    Files ‘README.md’ or ‘NEWS.md’ cannot be checked without ‘pandoc’ being installed.
Flavor: r-release-macos-x86_64

Version: 1.7.3
Check: installed package size
Result: NOTE
     installed size is 6.2Mb
     sub-directories of 1Mb or more:
     R 1.5Mb
     java 3.4Mb
Flavor: r-oldrel-macos-x86_64

Version: 1.7.3
Check: dependencies in R code
Result: NOTE
    Namespace in Imports field not imported from: ‘lifecycle’
     All declared Imports should be used.
Flavor: r-oldrel-macos-x86_64