Last updated on 2022-05-20 15:52:19 CEST.
Flavor | Version | Tinstall | Tcheck | Ttotal | Status | Flags |
---|---|---|---|---|---|---|
r-devel-linux-x86_64-debian-clang | 1.2.1 | 11.11 | 96.23 | 107.34 | OK | |
r-devel-linux-x86_64-debian-gcc | 1.2.1 | 8.51 | 70.73 | 79.24 | OK | |
r-devel-linux-x86_64-fedora-clang | 1.2.1 | 129.54 | NOTE | |||
r-devel-linux-x86_64-fedora-gcc | 1.2.1 | 133.33 | NOTE | |||
r-devel-windows-x86_64 | 1.2.1 | 26.00 | 108.00 | 134.00 | OK | |
r-patched-linux-x86_64 | 1.2.1 | 9.04 | 91.53 | 100.57 | OK | |
r-release-linux-x86_64 | 1.2.1 | 10.96 | 90.45 | 101.41 | OK | |
r-release-macos-arm64 | 1.2.1 | 34.00 | NOTE | |||
r-release-macos-x86_64 | 1.2.1 | 52.00 | NOTE | |||
r-release-windows-x86_64 | 1.2.1 | 29.00 | 111.00 | 140.00 | OK | |
r-oldrel-macos-arm64 | 1.2.1 | 43.00 | NOTE | |||
r-oldrel-macos-x86_64 | 1.2.1 | 61.00 | NOTE | |||
r-oldrel-windows-ix86+x86_64 | 1.2.1 | 23.00 | 104.00 | 127.00 | OK |
Version: 1.2.1
Check: data for non-ASCII characters
Result: NOTE
Note: found 1 marked UTF-8 string
Flavors: r-devel-linux-x86_64-fedora-clang, r-devel-linux-x86_64-fedora-gcc, r-release-macos-arm64, r-release-macos-x86_64, r-oldrel-macos-arm64, r-oldrel-macos-x86_64