CRAN Package Check Results for Package spGARCH

Last updated on 2024-07-20 03:49:16 CEST.

Flavor Version Tinstall Tcheck Ttotal Status Flags
r-devel-linux-x86_64-debian-clang 0.2.2 85.41 103.20 188.61 NOTE
r-devel-linux-x86_64-debian-gcc 0.2.2 65.70 83.55 149.25 NOTE
r-devel-linux-x86_64-fedora-clang 0.2.2 252.29 NOTE
r-devel-linux-x86_64-fedora-gcc 0.2.2 295.82 NOTE
r-devel-windows-x86_64 0.2.2 65.00 114.00 179.00 NOTE
r-patched-linux-x86_64 0.2.2 96.78 105.41 202.19 NOTE
r-release-linux-x86_64 0.2.2 87.18 106.17 193.35 NOTE
r-release-macos-arm64 0.2.2 66.00 NOTE
r-release-macos-x86_64 0.2.2 94.00 NOTE
r-release-windows-x86_64 0.2.2 71.00 117.00 188.00 NOTE
r-oldrel-macos-arm64 0.2.2 48.00 NOTE
r-oldrel-macos-x86_64 0.2.2 83.00 NOTE
r-oldrel-windows-x86_64 0.2.2 90.00 140.00 230.00 OK

Check Details

Version: 0.2.2
Check: Rd files
Result: NOTE checkRd: (-1) qml.SARspARCH.Rd:104: Lost braces; missing escapes or markup? 104 | \item \code{rho} - {This is used as a penalty weighting scalar for infeasibility in the augmented objective function. The higher its value the more the weighting to bring the solution into the feasible region (default 1). However, very high values might lead to numerical ill conditioning or significantly slow down convergence.} | ^ checkRd: (-1) qml.SARspARCH.Rd:105: Lost braces; missing escapes or markup? 105 | \item \code{outer.iter} - {Maximum number of major (outer) iterations (default 400).} | ^ checkRd: (-1) qml.SARspARCH.Rd:106: Lost braces; missing escapes or markup? 106 | \item \code{inner.iter} - {Maximum number of minor (inner) iterations (default 800).} | ^ checkRd: (-1) qml.SARspARCH.Rd:107: Lost braces; missing escapes or markup? 107 | \item \code{delta} - {Relative step size in forward difference evaluation (default 1.0e-7).} | ^ checkRd: (-1) qml.SARspARCH.Rd:108: Lost braces; missing escapes or markup? 108 | \item \code{tol} - {Relative tolerance on feasibility and optimality (default 1e-8).} | ^ checkRd: (-1) qml.SARspARCH.Rd:109: Lost braces; missing escapes or markup? 109 | \item \code{trace} - {The value of the objective function and the parameters is printed at every major iteration (default 1).} | ^ checkRd: (-1) qml.spARCH.Rd:98: Lost braces; missing escapes or markup? 98 | \item \code{rho} - {This is used as a penalty weighting scalar for infeasibility in the augmented objective function. The higher its value the more the weighting to bring the solution into the feasible region (default 1). However, very high values might lead to numerical ill conditioning or significantly slow down convergence.} | ^ checkRd: (-1) qml.spARCH.Rd:99: Lost braces; missing escapes or markup? 99 | \item \code{outer.iter} - {Maximum number of major (outer) iterations (default 400).} | ^ checkRd: (-1) qml.spARCH.Rd:100: Lost braces; missing escapes or markup? 100 | \item \code{inner.iter} - {Maximum number of minor (inner) iterations (default 800).} | ^ checkRd: (-1) qml.spARCH.Rd:101: Lost braces; missing escapes or markup? 101 | \item \code{delta} - {Relative step size in forward difference evaluation (default 1.0e-7).} | ^ checkRd: (-1) qml.spARCH.Rd:102: Lost braces; missing escapes or markup? 102 | \item \code{tol} - {Relative tolerance on feasibility and optimality (default 1e-8).} | ^ checkRd: (-1) qml.spARCH.Rd:103: Lost braces; missing escapes or markup? 103 | \item \code{trace} - {The value of the objective function and the parameters is printed at every major iteration (default 1).} | ^ checkRd: (-1) spARCHsim.Rd:69: Lost braces 69 | \item \code{seed} - {positive integer to initialize the random number generator (RNG), default value is a random integer in \eqn{[1, 10^6]}{[1, 10^6]}} | ^ checkRd: (-1) spARCHsim.Rd:70: Lost braces 70 | \item \code{silent} - {if \code{FALSE}, current random seed is reported} | ^ checkRd: (-1) spARCHsim.Rd:71: Lost braces 71 | \item \code{triangular} - {if \code{TRUE}, \eqn{\mathbf{W}}{W} is a triangular matrix and there are no checks to verify this assumption (default \code{FALSE})} | ^ checkRd: (-1) spGARCHsim.Rd:87: Lost braces 87 | \item \code{seed} - {positive integer to initialize the random number generator (RNG), default value is a random integer in \eqn{[1, 10^6]}{[1, 10^6]}} | ^ checkRd: (-1) spGARCHsim.Rd:88: Lost braces 88 | \item \code{silent} - {if \code{FALSE}, current random seed is reported} | ^ checkRd: (-1) spGARCHsim.Rd:89: Lost braces 89 | \item \code{triangular} - {if \code{TRUE}, \eqn{\mathbf{W}}{W} is a triangular matrix and there are no checks to verify this assumption (default \code{FALSE})} | ^ Flavors: r-devel-linux-x86_64-debian-clang, r-devel-linux-x86_64-debian-gcc, r-devel-linux-x86_64-fedora-clang, r-devel-linux-x86_64-fedora-gcc, r-devel-windows-x86_64, r-patched-linux-x86_64, r-release-linux-x86_64, r-release-macos-arm64, r-release-macos-x86_64, r-release-windows-x86_64

Version: 0.2.2
Check: Rd cross-references
Result: NOTE Found the following Rd file(s) with Rd \link{} targets missing package anchors: qml.SARspARCH.Rd: solnp qml.spARCH.Rd: solnp Please provide package anchors for all Rd \link{} targets not in the package itself and the base packages. Flavor: r-devel-windows-x86_64

Version: 0.2.2
Check: installed package size
Result: NOTE installed size is 27.5Mb sub-directories of 1Mb or more: libs 27.2Mb Flavors: r-release-macos-arm64, r-release-macos-x86_64, r-oldrel-macos-arm64, r-oldrel-macos-x86_64