CRAN Package Check Results for Package spBayesSurv

Last updated on 2022-05-26 15:53:24 CEST.

Flavor Version Tinstall Tcheck Ttotal Status Flags
r-devel-linux-x86_64-debian-clang 1.1.6 517.15 105.05 622.20 OK
r-devel-linux-x86_64-debian-gcc 1.1.6 436.14 85.47 521.61 OK
r-devel-linux-x86_64-fedora-clang 1.1.6 930.22 NOTE
r-devel-linux-x86_64-fedora-gcc 1.1.6 805.91 OK
r-devel-windows-x86_64 1.1.6 353.00 151.00 504.00 OK
r-patched-linux-x86_64 1.1.6 410.01 101.16 511.17 OK
r-release-linux-x86_64 1.1.6 OK
r-release-macos-arm64 1.1.6 219.00 NOTE
r-release-macos-x86_64 1.1.6 242.00 NOTE
r-release-windows-x86_64 1.1.6 341.00 151.00 492.00 OK
r-oldrel-macos-arm64 1.1.6 217.00 NOTE
r-oldrel-macos-x86_64 1.1.6 241.00 NOTE
r-oldrel-windows-ix86+x86_64 1.1.6 1112.00 8.00 1120.00 ERROR

Check Details

Version: 1.1.6
Check: installed package size
Result: NOTE
     installed size is 20.6Mb
     sub-directories of 1Mb or more:
     libs 19.7Mb
Flavors: r-devel-linux-x86_64-fedora-clang, r-release-macos-arm64, r-release-macos-x86_64, r-oldrel-macos-arm64, r-oldrel-macos-x86_64

Version: 1.1.6
Check: whether package can be installed
Result: ERROR
    Installation failed.
Flavor: r-oldrel-windows-ix86+x86_64