Last updated on 2025-01-20 04:48:40 CET.
Flavor | Version | Tinstall | Tcheck | Ttotal | Status | Flags |
---|---|---|---|---|---|---|
r-devel-linux-x86_64-debian-clang | 0.0-4 | 53.79 | 127.07 | 180.86 | OK | |
r-devel-linux-x86_64-debian-gcc | 0.0-4 | 40.77 | 92.24 | 133.01 | OK | |
r-devel-linux-x86_64-fedora-clang | 0.0-4 | 312.16 | OK | |||
r-devel-linux-x86_64-fedora-gcc | 0.0-4 | 357.87 | OK | |||
r-devel-windows-x86_64 | 0.0-4 | 54.00 | 198.00 | 252.00 | OK | |
r-patched-linux-x86_64 | 0.0-4 | 59.18 | 121.43 | 180.61 | OK | |
r-release-linux-x86_64 | 0.0-4 | 57.12 | 121.04 | 178.16 | OK | |
r-release-macos-arm64 | 0.0-4 | 123.00 | NOTE | |||
r-release-macos-x86_64 | 0.0-4 | 233.00 | NOTE | |||
r-release-windows-x86_64 | 0.0-4 | 55.00 | 194.00 | 249.00 | OK | |
r-oldrel-macos-arm64 | 0.0-4 | 125.00 | NOTE | |||
r-oldrel-macos-x86_64 | 0.0-4 | 265.00 | NOTE | |||
r-oldrel-windows-x86_64 | 0.0-4 | 66.00 | 245.00 | 311.00 | OK |
Version: 0.0-4
Check: installed package size
Result: NOTE
installed size is 6.5Mb
sub-directories of 1Mb or more:
libs 6.2Mb
Flavors: r-release-macos-arm64, r-release-macos-x86_64, r-oldrel-macos-arm64, r-oldrel-macos-x86_64