Last updated on 2025-01-25 15:49:25 CET.
Flavor | Version | Tinstall | Tcheck | Ttotal | Status | Flags |
---|---|---|---|---|---|---|
r-devel-linux-x86_64-debian-clang | 2.1-4 | 17.84 | 134.19 | 152.03 | NOTE | |
r-devel-linux-x86_64-debian-gcc | 2.1-4 | 13.15 | 91.99 | 105.14 | NOTE | |
r-devel-linux-x86_64-fedora-clang | 2.1-4 | 246.73 | OK | |||
r-devel-linux-x86_64-fedora-gcc | 2.1-4 | 254.41 | OK | |||
r-devel-windows-x86_64 | 2.1-4 | 27.00 | 182.00 | 209.00 | NOTE | |
r-patched-linux-x86_64 | 2.1-4 | 20.51 | 123.08 | 143.59 | OK | |
r-release-linux-x86_64 | 2.1-4 | 16.82 | 124.58 | 141.40 | OK | |
r-release-macos-arm64 | 2.1-4 | 101.00 | OK | |||
r-release-macos-x86_64 | 2.1-4 | 118.00 | OK | |||
r-release-windows-x86_64 | 2.1-4 | 28.00 | 178.00 | 206.00 | OK | |
r-oldrel-macos-arm64 | 2.1-4 | 114.00 | OK | |||
r-oldrel-macos-x86_64 | 2.1-4 | 290.00 | OK | |||
r-oldrel-windows-x86_64 | 2.1-4 | 29.00 | 209.00 | 238.00 | OK |
Version: 2.1-4
Check: Rd cross-references
Result: NOTE
Found the following Rd file(s) with Rd \link{} targets missing package
anchors:
bubble.Rd: xyplot
image.Rd: levelplot
mapasp.Rd: levelplot
spplot.Rd: xyplot, levelplot
stack.Rd: levelplot
Please provide package anchors for all Rd \link{} targets not in the
package itself and the base packages.
Flavors: r-devel-linux-x86_64-debian-clang, r-devel-linux-x86_64-debian-gcc, r-devel-windows-x86_64
Version: 2.1-4
Check: for unstated dependencies in ‘demo’
Result: NOTE
'library' or 'require' calls not declared from:
‘RgoogleMaps’ ‘cshapes’ ‘ggmap’ ‘maps’
Flavors: r-devel-linux-x86_64-debian-clang, r-devel-linux-x86_64-debian-gcc