CRAN Package Check Results for Package sourcetools

Last updated on 2022-10-03 15:54:11 CEST.

Flavor Version Tinstall Tcheck Ttotal Status Flags
r-devel-linux-x86_64-debian-clang 0.1.7 5.04 25.44 30.48 NOTE
r-devel-linux-x86_64-debian-gcc 0.1.7 3.73 19.67 23.40 NOTE
r-devel-linux-x86_64-fedora-clang 0.1.7 55.54 NOTE
r-devel-linux-x86_64-fedora-gcc 0.1.7 49.29 NOTE
r-devel-windows-x86_64 0.1.7 407.00 66.00 473.00 NOTE
r-patched-linux-x86_64 0.1.7 5.10 24.99 30.09 NOTE
r-release-linux-x86_64 0.1.7 4.75 24.38 29.13 NOTE
r-release-macos-arm64 0.1.7 18.00 NOTE
r-release-macos-x86_64 0.1.7 25.00 NOTE
r-release-windows-x86_64 0.1.7 137.00 69.00 206.00 NOTE
r-oldrel-macos-arm64 0.1.7 22.00 NOTE
r-oldrel-macos-x86_64 0.1.7 32.00 NOTE
r-oldrel-windows-ix86+x86_64 0.1.7 28.00 69.00 97.00 NOTE

Check Details

Version: 0.1.7
Check: LazyData
Result: NOTE
     'LazyData' is specified without a 'data' directory
Flavors: r-devel-linux-x86_64-debian-clang, r-devel-linux-x86_64-debian-gcc, r-devel-linux-x86_64-fedora-clang, r-devel-linux-x86_64-fedora-gcc, r-devel-windows-x86_64, r-patched-linux-x86_64, r-release-linux-x86_64, r-release-macos-arm64, r-release-macos-x86_64, r-release-windows-x86_64, r-oldrel-macos-arm64, r-oldrel-macos-x86_64, r-oldrel-windows-ix86+x86_64