Last updated on 2023-12-02 15:50:10 CET.
Flavor | Version | Tinstall | Tcheck | Ttotal | Status | Flags |
---|---|---|---|---|---|---|
r-devel-linux-x86_64-debian-clang | 5.0 | 26.41 | 141.27 | 167.68 | NOTE | |
r-devel-linux-x86_64-debian-gcc | 5.0 | 22.82 | 105.09 | 127.91 | NOTE | |
r-devel-linux-x86_64-fedora-clang | 5.0 | 217.05 | NOTE | |||
r-devel-linux-x86_64-fedora-gcc | 5.0 | 217.18 | NOTE | |||
r-devel-windows-x86_64 | 5.0 | 24.00 | 129.00 | 153.00 | NOTE | |
r-patched-linux-x86_64 | 5.0 | 20.62 | 139.49 | 160.11 | NOTE | |
r-release-linux-x86_64 | 5.0 | 17.65 | 139.23 | 156.88 | NOTE | |
r-release-macos-arm64 | 5.0 | 82.00 | NOTE | |||
r-release-macos-x86_64 | 5.0 | 158.00 | NOTE | |||
r-release-windows-x86_64 | 5.0 | 29.00 | 152.00 | 181.00 | NOTE | |
r-oldrel-macos-arm64 | 5.0 | 122.00 | OK | |||
r-oldrel-macos-x86_64 | 5.0 | 171.00 | OK | |||
r-oldrel-windows-x86_64 | 5.0 | 31.00 | 147.00 | 178.00 | NOTE |
Version: 5.0
Check: Rd files
Result: NOTE
checkRd: (-1) llwrPTF.Rd:7: Escaped LaTeX specials: \&
Flavors: r-devel-linux-x86_64-debian-clang, r-devel-linux-x86_64-debian-gcc, r-devel-linux-x86_64-fedora-clang, r-devel-linux-x86_64-fedora-gcc, r-devel-windows-x86_64, r-patched-linux-x86_64, r-release-linux-x86_64, r-release-macos-arm64, r-release-macos-x86_64, r-release-windows-x86_64
Version: 5.0
Check: installed package size
Result: NOTE
installed size is 5.2Mb
sub-directories of 1Mb or more:
R 3.3Mb
doc 1.1Mb
Flavors: r-devel-linux-x86_64-fedora-clang, r-devel-windows-x86_64, r-release-macos-arm64, r-release-macos-x86_64, r-release-windows-x86_64, r-oldrel-windows-x86_64