CRAN Package Check Results for Package soilphysics

Last updated on 2024-07-20 15:48:56 CEST.

Flavor Version Tinstall Tcheck Ttotal Status Flags
r-devel-linux-x86_64-debian-clang 5.0 39.46 168.86 208.32 NOTE
r-devel-linux-x86_64-debian-gcc 5.0 26.78 125.31 152.09 NOTE
r-devel-linux-x86_64-fedora-clang 5.0 262.68 NOTE
r-devel-linux-x86_64-fedora-gcc 5.0 266.80 NOTE
r-devel-windows-x86_64 5.0 28.00 136.00 164.00 NOTE
r-patched-linux-x86_64 5.0 35.91 163.33 199.24 NOTE
r-release-linux-x86_64 5.0 38.45 160.72 199.17 NOTE
r-release-macos-arm64 5.0 115.00 NOTE
r-release-macos-x86_64 5.0 136.00 NOTE
r-release-windows-x86_64 5.0 23.00 127.00 150.00 NOTE
r-oldrel-macos-arm64 5.0 82.00 NOTE
r-oldrel-macos-x86_64 5.0 158.00 NOTE
r-oldrel-windows-x86_64 5.0 29.00 144.00 173.00 NOTE

Check Details

Version: 5.0
Check: Rd files
Result: NOTE checkRd: (-1) llwrPTF.Rd:7: Escaped LaTeX specials: \& Flavors: r-devel-linux-x86_64-debian-clang, r-devel-linux-x86_64-debian-gcc, r-devel-linux-x86_64-fedora-clang, r-devel-linux-x86_64-fedora-gcc, r-devel-windows-x86_64, r-patched-linux-x86_64, r-release-linux-x86_64, r-release-macos-arm64, r-release-macos-x86_64, r-release-windows-x86_64, r-oldrel-macos-arm64, r-oldrel-macos-x86_64, r-oldrel-windows-x86_64

Version: 5.0
Check: installed package size
Result: NOTE installed size is 5.2Mb sub-directories of 1Mb or more: R 3.3Mb doc 1.1Mb Flavors: r-devel-linux-x86_64-fedora-clang, r-devel-windows-x86_64, r-release-macos-arm64, r-release-macos-x86_64, r-release-windows-x86_64, r-oldrel-macos-arm64, r-oldrel-macos-x86_64, r-oldrel-windows-x86_64