Last updated on 2022-05-27 15:51:51 CEST.
Flavor | Version | Tinstall | Tcheck | Ttotal | Status | Flags |
---|---|---|---|---|---|---|
r-devel-linux-x86_64-debian-clang | 0.1.2 | 12.22 | 103.60 | 115.82 | OK | |
r-devel-linux-x86_64-debian-gcc | 0.1.2 | 8.43 | 76.54 | 84.97 | OK | |
r-devel-linux-x86_64-fedora-clang | 0.1.2 | 133.05 | NOTE | |||
r-devel-linux-x86_64-fedora-gcc | 0.1.2 | 126.74 | OK | |||
r-devel-windows-x86_64 | 0.1.2 | 24.00 | 112.00 | 136.00 | OK | |
r-patched-linux-x86_64 | 0.1.2 | 10.15 | 98.98 | 109.13 | OK | |
r-release-linux-x86_64 | 0.1.2 | 9.33 | 96.37 | 105.70 | OK | |
r-release-macos-arm64 | 0.1.2 | 37.00 | OK | |||
r-release-macos-x86_64 | 0.1.2 | 61.00 | OK | |||
r-release-windows-x86_64 | 0.1.2 | 21.00 | 115.00 | 136.00 | OK | |
r-oldrel-macos-arm64 | 0.1.2 | 41.00 | OK | |||
r-oldrel-macos-x86_64 | 0.1.2 | 55.00 | OK | |||
r-oldrel-windows-ix86+x86_64 | 0.1.2 | 27.00 | 110.00 | 137.00 | OK |
Version: 0.1.2
Check: Rd cross-references
Result: NOTE
Undeclared package ‘andrews’ in Rd xrefs
Flavor: r-devel-linux-x86_64-fedora-clang