Last updated on 2022-05-27 15:51:51 CEST.
Flavor | Version | Tinstall | Tcheck | Ttotal | Status | Flags |
---|---|---|---|---|---|---|
r-devel-linux-x86_64-debian-clang | 3.1.6 | 216.62 | 536.17 | 752.79 | OK | |
r-devel-linux-x86_64-debian-gcc | 3.1.6 | 175.30 | 409.42 | 584.72 | OK | |
r-devel-linux-x86_64-fedora-clang | 3.1.6 | 734.35 | NOTE | |||
r-devel-linux-x86_64-fedora-gcc | 3.1.6 | 699.55 | OK | |||
r-devel-windows-x86_64 | 3.1.6 | 178.00 | 290.00 | 468.00 | NOTE | --no-vignettes |
r-patched-linux-x86_64 | 3.1.6 | 187.43 | 518.27 | 705.70 | OK | |
r-release-linux-x86_64 | 3.1.6 | 150.39 | 524.51 | 674.90 | OK | |
r-release-macos-arm64 | 3.1.6 | 247.00 | NOTE | |||
r-release-macos-x86_64 | 3.1.6 | 316.00 | NOTE | |||
r-release-windows-x86_64 | 3.1.6 | 183.00 | 289.00 | 472.00 | NOTE | --no-vignettes |
r-oldrel-macos-arm64 | 3.1.6 | 242.00 | NOTE | |||
r-oldrel-macos-x86_64 | 3.1.6 | 290.00 | NOTE | |||
r-oldrel-windows-ix86+x86_64 | 3.1.6 | 465.00 | 387.00 | 852.00 | NOTE | --no-vignettes |
Version: 3.1.6
Check: installed package size
Result: NOTE
installed size is 13.7Mb
sub-directories of 1Mb or more:
R 1.2Mb
doc 3.4Mb
libs 8.7Mb
Flavors: r-devel-linux-x86_64-fedora-clang, r-release-macos-arm64, r-release-macos-x86_64, r-oldrel-macos-arm64, r-oldrel-macos-x86_64
Version: 3.1.6
Flags: --no-vignettes
Check: package dependencies
Result: NOTE
Package suggested but not available for checking: 'doMC'
Flavors: r-devel-windows-x86_64, r-release-windows-x86_64, r-oldrel-windows-ix86+x86_64
Version: 3.1.6
Flags: --no-vignettes
Check: installed package size
Result: NOTE
installed size is 6.6Mb
sub-directories of 1Mb or more:
R 1.2Mb
doc 3.4Mb
libs 1.7Mb
Flavors: r-devel-windows-x86_64, r-release-windows-x86_64, r-oldrel-windows-ix86+x86_64