CRAN Package Check Results for Package smcfcs

Last updated on 2022-05-18 15:49:15 CEST.

Flavor Version Tinstall Tcheck Ttotal Status Flags
r-devel-linux-x86_64-debian-clang 1.6.2 12.25 151.25 163.50 OK
r-devel-linux-x86_64-debian-gcc 1.6.2 7.88 114.96 122.84 OK
r-devel-linux-x86_64-fedora-clang 1.6.2 119.00 NOTE
r-devel-linux-x86_64-fedora-gcc 1.6.2 116.28 OK
r-devel-windows-x86_64 1.6.2 21.00 135.00 156.00 OK
r-patched-linux-x86_64 1.6.2 11.04 144.56 155.60 OK
r-release-linux-x86_64 1.6.1 11.51 149.39 160.90 OK
r-release-macos-arm64 1.6.2 59.00 OK
r-release-macos-x86_64 1.6.2 76.00 OK
r-release-windows-x86_64 1.6.2 33.00 136.00 169.00 OK
r-oldrel-macos-arm64 1.6.2 57.00 OK
r-oldrel-macos-x86_64 1.6.2 79.00 OK
r-oldrel-windows-ix86+x86_64 1.6.2 21.00 151.00 172.00 OK

Check Details

Version: 1.6.2
Check: Rd cross-references
Result: NOTE
    Undeclared package ‘mice’ in Rd xrefs
Flavor: r-devel-linux-x86_64-fedora-clang