CRAN Package Check Results for Package smacof

Last updated on 2022-05-28 03:54:56 CEST.

Flavor Version Tinstall Tcheck Ttotal Status Flags
r-devel-linux-x86_64-debian-clang 2.1-5 26.77 389.23 416.00 OK
r-devel-linux-x86_64-debian-gcc 2.1-5 20.58 278.02 298.60 OK
r-devel-linux-x86_64-fedora-clang 2.1-5 465.77 NOTE
r-devel-linux-x86_64-fedora-gcc 2.1-5 456.77 NOTE
r-devel-windows-x86_64 2.1-5 56.00 423.00 479.00 OK
r-patched-linux-x86_64 2.1-5 29.03 367.15 396.18 OK
r-release-linux-x86_64 2.1-5 22.64 354.67 377.31 OK
r-release-macos-arm64 2.1-5 88.00 NOTE
r-release-macos-x86_64 2.1-5 179.00 NOTE
r-release-windows-x86_64 2.1-5 53.00 438.00 491.00 OK
r-oldrel-macos-arm64 2.1-5 119.00 NOTE
r-oldrel-macos-x86_64 2.1-5 176.00 NOTE
r-oldrel-windows-ix86+x86_64 2.1-5 54.00 495.00 549.00 OK

Check Details

Version: 2.1-5
Check: data for non-ASCII characters
Result: NOTE
     Note: found 15 marked Latin-1 strings
     Note: found 2 marked UTF-8 strings
Flavors: r-devel-linux-x86_64-fedora-clang, r-devel-linux-x86_64-fedora-gcc, r-release-macos-arm64, r-release-macos-x86_64, r-oldrel-macos-arm64, r-oldrel-macos-x86_64