CRAN Package Check Results for Package slp

Last updated on 2022-06-27 03:51:25 CEST.

Flavor Version Tinstall Tcheck Ttotal Status Flags
r-devel-linux-x86_64-debian-clang 1.0-5 8.26 77.87 86.13 NOTE
r-devel-linux-x86_64-debian-gcc 1.0-5 7.47 60.46 67.93 NOTE
r-devel-linux-x86_64-fedora-clang 1.0-5 120.12 NOTE
r-devel-linux-x86_64-fedora-gcc 1.0-5 118.26 NOTE
r-devel-windows-x86_64 1.0-5 21.00 106.00 127.00 NOTE
r-patched-linux-x86_64 1.0-5 7.62 76.95 84.57 OK
r-release-linux-x86_64 1.0-5 8.64 75.85 84.49 OK
r-release-macos-arm64 1.0-5 37.00 OK
r-release-macos-x86_64 1.0-5 51.00 OK
r-release-windows-x86_64 1.0-5 24.00 104.00 128.00 OK
r-oldrel-macos-arm64 1.0-5 48.00 OK
r-oldrel-macos-x86_64 1.0-5 68.00 OK
r-oldrel-windows-ix86+x86_64 1.0-5 24.00 127.00 151.00 OK

Check Details

Version: 1.0-5
Check: Rd files
Result: NOTE
    checkRd: (-1) slp-package.Rd:38: Escaped LaTeX specials: \&
Flavors: r-devel-linux-x86_64-debian-clang, r-devel-linux-x86_64-debian-gcc, r-devel-linux-x86_64-fedora-clang, r-devel-linux-x86_64-fedora-gcc, r-devel-windows-x86_64

Version: 1.0-5
Check: compiled code
Result: NOTE
    File ‘slp/libs/slp.so’:
     Found no calls to: ‘R_registerRoutines’, ‘R_useDynamicSymbols’
    
    It is good practice to register native routines and to disable symbol
    search.
    
    See ‘Writing portable packages’ in the ‘Writing R Extensions’ manual.
Flavors: r-devel-linux-x86_64-fedora-clang, r-devel-linux-x86_64-fedora-gcc