Last updated on 2023-12-07 15:48:33 CET.
Flavor | Version | Tinstall | Tcheck | Ttotal | Status | Flags |
---|---|---|---|---|---|---|
r-devel-linux-x86_64-debian-clang | 0.7.2 | 17.63 | 283.52 | 301.15 | OK | |
r-devel-linux-x86_64-debian-gcc | 0.7.2 | 12.00 | 209.46 | 221.46 | OK | |
r-devel-linux-x86_64-fedora-clang | 0.7.2 | 353.22 | OK | |||
r-devel-linux-x86_64-fedora-gcc | 0.7.2 | 367.95 | OK | |||
r-devel-windows-x86_64 | 0.7.2 | 27.00 | 480.00 | 507.00 | OK | |
r-patched-linux-x86_64 | 0.7.2 | 12.85 | 274.18 | 287.03 | OK | |
r-release-linux-x86_64 | 0.7.2 | 9.79 | 266.00 | 275.79 | OK | |
r-release-macos-arm64 | 0.7.2 | 117.00 | OK | |||
r-release-macos-x86_64 | 0.8.0 | 248.00 | NOTE | |||
r-release-windows-x86_64 | 0.7.2 | 27.00 | 390.00 | 417.00 | OK | |
r-oldrel-macos-arm64 | 0.7.2 | 81.00 | OK | |||
r-oldrel-macos-x86_64 | 0.7.2 | 140.00 | OK | |||
r-oldrel-windows-x86_64 | 0.7.2 | 27.00 | 378.00 | 405.00 | OK |
Version: 0.8.0
Check: installed package size
Result: NOTE
installed size is 5.7Mb
sub-directories of 1Mb or more:
doc 4.4Mb
Flavor: r-release-macos-x86_64