CRAN Package Check Results for Package sleev

Last updated on 2022-09-28 15:50:07 CEST.

Flavor Version Tinstall Tcheck Ttotal Status Flags
r-devel-linux-x86_64-debian-clang 1.0.2 119.81 127.52 247.33 OK
r-devel-linux-x86_64-debian-gcc 1.0.2 96.77 123.22 219.99 OK
r-devel-linux-x86_64-fedora-clang 1.0.2 289.59 OK
r-devel-linux-x86_64-fedora-gcc 1.0.2 273.57 OK
r-devel-windows-x86_64 1.0.2 79.00 136.00 215.00 OK
r-patched-linux-x86_64 1.0.2 89.59 93.17 182.76 OK
r-release-linux-x86_64 1.0.2 102.77 109.16 211.93 OK
r-release-macos-arm64 1.0.2 78.00 NOTE
r-release-macos-x86_64 1.0.2 88.00 NOTE
r-release-windows-x86_64 1.0.2 80.00 168.00 248.00 OK
r-oldrel-macos-arm64 1.0.2 75.00 NOTE
r-oldrel-macos-x86_64 1.0.2 87.00 NOTE
r-oldrel-windows-ix86+x86_64 1.0.2 260.00 195.00 455.00 OK

Check Details

Version: 1.0.2
Check: installed package size
Result: NOTE
     installed size is 22.7Mb
     sub-directories of 1Mb or more:
     libs 22.3Mb
Flavors: r-release-macos-arm64, r-release-macos-x86_64, r-oldrel-macos-arm64, r-oldrel-macos-x86_64