Last updated on 2022-05-16 15:53:24 CEST.
Flavor | Version | Tinstall | Tcheck | Ttotal | Status | Flags |
---|---|---|---|---|---|---|
r-devel-linux-x86_64-debian-clang | 3.2.0 | 7.11 | 79.23 | 86.34 | OK | |
r-devel-linux-x86_64-debian-gcc | 3.2.0 | 4.96 | 57.85 | 62.81 | OK | |
r-devel-linux-x86_64-fedora-clang | 3.2.0 | 99.21 | NOTE | |||
r-devel-linux-x86_64-fedora-gcc | 3.2.0 | 96.59 | NOTE | |||
r-devel-windows-x86_64 | 3.2.0 | 24.00 | 98.00 | 122.00 | OK | |
r-patched-linux-x86_64 | 3.2.0 | 6.74 | 72.91 | 79.65 | OK | |
r-release-linux-x86_64 | 3.2.0 | 6.84 | 71.49 | 78.33 | OK | |
r-release-macos-arm64 | 3.2.0 | 30.00 | NOTE | |||
r-release-macos-x86_64 | 3.2.0 | 53.00 | NOTE | |||
r-release-windows-x86_64 | 3.2.0 | 22.00 | 100.00 | 122.00 | OK | |
r-oldrel-macos-arm64 | 3.2.0 | 33.00 | NOTE | |||
r-oldrel-macos-x86_64 | 3.2.0 | 40.00 | NOTE | |||
r-oldrel-windows-ix86+x86_64 | 3.2.0 | 17.00 | 90.00 | 107.00 | OK |
Version: 3.2.0
Check: dependencies in R code
Result: NOTE
Namespace in Imports field not imported from: ‘methods’
All declared Imports should be used.
Flavors: r-devel-linux-x86_64-fedora-clang, r-devel-linux-x86_64-fedora-gcc, r-release-macos-arm64, r-release-macos-x86_64, r-oldrel-macos-arm64, r-oldrel-macos-x86_64