CRAN Package Check Results for Package sketchy

Last updated on 2022-08-17 15:50:06 CEST.

Flavor Version Tinstall Tcheck Ttotal Status Flags
r-devel-linux-x86_64-debian-clang 1.0.2 3.42 31.49 34.91 OK
r-devel-linux-x86_64-debian-gcc 1.0.2 OK
r-devel-linux-x86_64-fedora-clang 1.0.2 52.30 NOTE
r-devel-linux-x86_64-fedora-gcc 1.0.2 52.01 NOTE
r-devel-windows-x86_64 1.0.2 15.00 60.00 75.00 OK
r-patched-linux-x86_64 1.0.2 2.89 30.88 33.77 OK
r-release-linux-x86_64 1.0.2 2.06 30.68 32.74 OK
r-release-macos-arm64 1.0.2 18.00 NOTE
r-release-macos-x86_64 1.0.2 24.00 NOTE
r-release-windows-x86_64 1.0.2 15.00 60.00 75.00 OK
r-oldrel-macos-arm64 1.0.2 17.00 NOTE
r-oldrel-macos-x86_64 1.0.2 23.00 NOTE
r-oldrel-windows-ix86+x86_64 1.0.2 7.00 55.00 62.00 OK

Check Details

Version: 1.0.2
Check: data for non-ASCII characters
Result: NOTE
     Note: found 2 marked UTF-8 strings
Flavors: r-devel-linux-x86_64-fedora-clang, r-devel-linux-x86_64-fedora-gcc, r-release-macos-arm64, r-release-macos-x86_64, r-oldrel-macos-arm64, r-oldrel-macos-x86_64