CRAN Package Check Results for Package sirus

Last updated on 2022-05-17 15:53:29 CEST.

Flavor Version Tinstall Tcheck Ttotal Status Flags
r-devel-linux-x86_64-debian-clang 0.3.2 107.13 146.51 253.64 WARN
r-devel-linux-x86_64-debian-gcc 0.3.2 93.56 109.67 203.23 OK
r-devel-linux-x86_64-fedora-clang 0.3.2 341.66 WARN
r-devel-linux-x86_64-fedora-gcc 0.3.2 321.16 OK
r-devel-windows-x86_64 0.3.2 90.00 178.00 268.00 OK
r-patched-linux-x86_64 0.3.2 96.74 138.53 235.27 OK
r-release-linux-x86_64 0.3.2 99.64 138.79 238.43 OK
r-release-macos-arm64 0.3.2 84.00 NOTE
r-release-macos-x86_64 0.3.2 142.00 NOTE
r-release-windows-x86_64 0.3.2 94.00 175.00 269.00 OK
r-oldrel-macos-arm64 0.3.2 91.00 NOTE
r-oldrel-macos-x86_64 0.3.2 138.00 NOTE
r-oldrel-windows-ix86+x86_64 0.3.2 261.00 223.00 484.00 OK

Additional issues

clang14

Check Details

Version: 0.3.2
Check: whether package can be installed
Result: WARN
    Found the following significant warnings:
     Forest.cpp:345:9: warning: use of bitwise '&' with boolean operands [-Wbitwise-instead-of-logical]
Flavors: r-devel-linux-x86_64-debian-clang, r-devel-linux-x86_64-fedora-clang

Version: 0.3.2
Check: installed package size
Result: NOTE
     installed size is 5.5Mb
     sub-directories of 1Mb or more:
     libs 5.2Mb
Flavors: r-devel-linux-x86_64-fedora-clang, r-release-macos-arm64, r-release-macos-x86_64, r-oldrel-macos-arm64, r-oldrel-macos-x86_64

Version: 0.3.2
Check: Rd cross-references
Result: NOTE
    Undeclared package ‘ranger’ in Rd xrefs
Flavor: r-devel-linux-x86_64-fedora-clang