CRAN Package Check Results for Package simplegraph

Last updated on 2022-09-28 15:50:07 CEST.

Flavor Version Tinstall Tcheck Ttotal Status Flags
r-devel-linux-x86_64-debian-clang 1.0.0 2.40 27.22 29.62 NOTE
r-devel-linux-x86_64-debian-gcc 1.0.0 1.94 21.50 23.44 NOTE
r-devel-linux-x86_64-fedora-clang 1.0.0 49.28 NOTE
r-devel-linux-x86_64-fedora-gcc 1.0.0 46.03 NOTE
r-devel-windows-x86_64 1.0.0 31.00 62.00 93.00 NOTE
r-patched-linux-x86_64 1.0.0 2.86 28.04 30.90 NOTE
r-release-linux-x86_64 1.0.0 2.30 28.03 30.33 NOTE
r-release-macos-arm64 1.0.0 15.00 NOTE
r-release-macos-x86_64 1.0.0 23.00 NOTE
r-release-windows-x86_64 1.0.0 41.00 63.00 104.00 NOTE
r-oldrel-macos-arm64 1.0.0 21.00 NOTE
r-oldrel-macos-x86_64 1.0.0 32.00 NOTE
r-oldrel-windows-ix86+x86_64 1.0.0 5.00 54.00 59.00 NOTE

Check Details

Version: 1.0.0
Check: LazyData
Result: NOTE
     'LazyData' is specified without a 'data' directory
Flavors: r-devel-linux-x86_64-debian-clang, r-devel-linux-x86_64-debian-gcc, r-devel-linux-x86_64-fedora-clang, r-devel-linux-x86_64-fedora-gcc, r-devel-windows-x86_64, r-patched-linux-x86_64, r-release-linux-x86_64, r-release-macos-arm64, r-release-macos-x86_64, r-release-windows-x86_64, r-oldrel-macos-arm64, r-oldrel-macos-x86_64, r-oldrel-windows-ix86+x86_64