CRAN Package Check Results for Package simhelpers

Last updated on 2022-07-04 03:52:29 CEST.

Flavor Version Tinstall Tcheck Ttotal Status Flags
r-devel-linux-x86_64-debian-clang 0.1.2 2.92 134.57 137.49 OK
r-devel-linux-x86_64-debian-gcc 0.1.2 2.75 98.62 101.37 OK
r-devel-linux-x86_64-fedora-clang 0.1.2 165.55 OK
r-devel-linux-x86_64-fedora-gcc 0.1.2 169.02 OK
r-devel-windows-x86_64 0.1.2 23.00 160.00 183.00 OK
r-patched-linux-x86_64 0.1.2 2.59 128.72 131.31 OK
r-release-linux-x86_64 0.1.2 2.56 125.67 128.23 OK
r-release-macos-arm64 0.1.2 46.00 OK
r-release-macos-x86_64 0.1.2 68.00 OK
r-release-windows-x86_64 0.1.2 30.00 168.00 198.00 OK
r-oldrel-macos-arm64 0.1.2 50.00 OK
r-oldrel-macos-x86_64 0.1.2 75.00 OK
r-oldrel-windows-ix86+x86_64 0.1.2 9.00 170.00 179.00 WARN

Check Details

Version: 0.1.2
Check: re-building of vignette outputs
Result: WARN
    Error(s) in re-building vignettes:
    --- re-building 'MCSE.Rmd' using rmarkdown
    
    Attaching package: 'dplyr'
    
    The following objects are masked from 'package:stats':
    
     filter, lag
    
    The following objects are masked from 'package:base':
    
     intersect, setdiff, setequal, union
    
    
    Attaching package: 'kableExtra'
    
    The following object is masked from 'package:dplyr':
    
     group_rows
    
    --- finished re-building 'MCSE.Rmd'
    
    --- re-building 'simulation_workflow.Rmd' using rmarkdown
    
    Attaching package: 'dplyr'
    
    The following objects are masked from 'package:stats':
    
     filter, lag
    
    The following objects are masked from 'package:base':
    
     intersect, setdiff, setequal, union
    
    
    Attaching package: 'kableExtra'
    
    The following object is masked from 'package:dplyr':
    
     group_rows
    
    --- finished re-building 'simulation_workflow.Rmd'
    
    --- re-building 'visualization.Rmd' using rmarkdown
    
    Attaching package: 'dplyr'
    
    The following objects are masked from 'package:stats':
    
     filter, lag
    
    The following objects are masked from 'package:base':
    
     intersect, setdiff, setequal, union
    
    
    Attaching package: 'kableExtra'
    
    The following object is masked from 'package:dplyr':
    
     group_rows
    
    --- finished re-building 'visualization.Rmd'
    
    +-+visualization.html
    SUMMARY: processing the following file failed:
     'visualization.Rmd'
    
    Error: Vignette re-building failed.
    Execution halted
Flavor: r-oldrel-windows-ix86+x86_64