CRAN Package Check Results for Package sigminer

Last updated on 2024-02-27 15:48:25 CET.

Flavor Version Tinstall Tcheck Ttotal Status Flags
r-devel-linux-x86_64-debian-clang 2.3.0 55.72 259.35 315.07 OK
r-devel-linux-x86_64-debian-gcc 2.3.0 43.04 192.53 235.57 OK
r-devel-linux-x86_64-fedora-clang 2.3.0 403.75 OK
r-devel-linux-x86_64-fedora-gcc 2.3.0 402.97 OK
r-devel-windows-x86_64 2.3.0 49.00 227.00 276.00 NOTE
r-patched-linux-x86_64 2.3.0 56.73 246.19 302.92 OK
r-release-linux-x86_64 2.3.0 49.23 249.33 298.56 OK
r-release-macos-arm64 2.3.0 77.00 NOTE
r-release-macos-x86_64 2.3.0 116.00 NOTE
r-release-windows-x86_64 2.3.0 62.00 302.00 364.00 NOTE
r-oldrel-macos-arm64 2.3.0 77.00 NOTE
r-oldrel-windows-x86_64 2.3.0 62.00 280.00 342.00 NOTE

Check Details

Version: 2.3.0
Check: installed package size
Result: NOTE installed size is 5.7Mb sub-directories of 1Mb or more: extdata 1.0Mb help 1.7Mb libs 1.0Mb Flavors: r-devel-windows-x86_64, r-release-macos-arm64, r-release-macos-x86_64, r-release-windows-x86_64, r-oldrel-macos-arm64, r-oldrel-windows-x86_64

Version: 2.3.0
Check: package dependencies
Result: NOTE Package suggested but not available for checking: ‘BSgenome.Hsapiens.UCSC.hg19’ Flavors: r-release-macos-arm64, r-release-macos-x86_64, r-oldrel-macos-arm64