Last updated on 2022-05-21 15:50:06 CEST.
Flavor | Version | Tinstall | Tcheck | Ttotal | Status | Flags |
---|---|---|---|---|---|---|
r-devel-linux-x86_64-debian-clang | 0.1.0 | 20.25 | 158.92 | 179.17 | NOTE | |
r-devel-linux-x86_64-debian-gcc | 0.1.0 | 16.64 | 116.49 | 133.13 | NOTE | |
r-devel-linux-x86_64-fedora-clang | 0.1.0 | 204.18 | NOTE | |||
r-devel-linux-x86_64-fedora-gcc | 0.1.0 | 208.20 | NOTE | |||
r-devel-windows-x86_64 | 0.1.0 | 24.00 | 163.00 | 187.00 | NOTE | |
r-patched-linux-x86_64 | 0.1.0 | 17.39 | 147.78 | 165.17 | NOTE | |
r-release-linux-x86_64 | 0.1.0 | 12.64 | 146.84 | 159.48 | NOTE | |
r-release-macos-arm64 | 0.1.0 | 53.00 | NOTE | |||
r-release-macos-x86_64 | 0.1.0 | 93.00 | NOTE | |||
r-release-windows-x86_64 | 0.1.0 | 21.00 | 163.00 | 184.00 | NOTE | |
r-oldrel-macos-arm64 | 0.1.0 | 66.00 | NOTE | |||
r-oldrel-macos-x86_64 | 0.1.0 | 92.00 | NOTE | |||
r-oldrel-windows-ix86+x86_64 | 0.1.0 | 46.00 | 162.00 | 208.00 | NOTE |
Version: 0.1.0
Check: LazyData
Result: NOTE
'LazyData' is specified without a 'data' directory
Flavors: r-devel-linux-x86_64-debian-clang, r-devel-linux-x86_64-debian-gcc, r-devel-linux-x86_64-fedora-clang, r-devel-linux-x86_64-fedora-gcc, r-devel-windows-x86_64, r-patched-linux-x86_64, r-release-linux-x86_64, r-release-macos-arm64, r-release-macos-x86_64, r-release-windows-x86_64, r-oldrel-macos-arm64, r-oldrel-macos-x86_64, r-oldrel-windows-ix86+x86_64