Last updated on 2023-12-02 15:50:10 CET.
Flavor | Version | Tinstall | Tcheck | Ttotal | Status | Flags |
---|---|---|---|---|---|---|
r-devel-linux-x86_64-debian-clang | 0.1.0 | 17.57 | 135.90 | 153.47 | NOTE | |
r-devel-linux-x86_64-debian-gcc | 0.1.0 | 14.52 | 99.03 | 113.55 | NOTE | |
r-devel-linux-x86_64-fedora-clang | 0.1.0 | 189.06 | NOTE | |||
r-devel-linux-x86_64-fedora-gcc | 0.1.0 | 183.03 | NOTE | |||
r-devel-windows-x86_64 | 0.1.0 | 17.00 | 109.00 | 126.00 | NOTE | |
r-patched-linux-x86_64 | 0.1.0 | 14.58 | 128.33 | 142.91 | NOTE | |
r-release-linux-x86_64 | 0.1.0 | 10.74 | 126.43 | 137.17 | NOTE | |
r-release-macos-arm64 | 0.1.0 | 59.00 | NOTE | |||
r-release-macos-x86_64 | 0.1.0 | 95.00 | NOTE | |||
r-release-windows-x86_64 | 0.1.0 | 21.00 | 129.00 | 150.00 | NOTE | |
r-oldrel-macos-arm64 | 0.1.0 | 53.00 | NOTE | |||
r-oldrel-macos-x86_64 | 0.1.0 | 93.00 | NOTE | |||
r-oldrel-windows-x86_64 | 0.1.0 | 21.00 | 138.00 | 159.00 | NOTE |
Version: 0.1.0
Check: LazyData
Result: NOTE
'LazyData' is specified without a 'data' directory
Flavors: r-devel-linux-x86_64-debian-clang, r-devel-linux-x86_64-debian-gcc, r-devel-linux-x86_64-fedora-clang, r-devel-linux-x86_64-fedora-gcc, r-devel-windows-x86_64, r-patched-linux-x86_64, r-release-linux-x86_64, r-release-macos-arm64, r-release-macos-x86_64, r-release-windows-x86_64, r-oldrel-macos-arm64, r-oldrel-macos-x86_64, r-oldrel-windows-x86_64