Last updated on 2023-12-10 15:50:42 CET.
Flavor | Version | Tinstall | Tcheck | Ttotal | Status | Flags |
---|---|---|---|---|---|---|
r-devel-linux-x86_64-debian-clang | 1.1.0 | 1.56 | 20.30 | 21.86 | NOTE | |
r-devel-linux-x86_64-debian-gcc | 1.1.0 | 1.69 | 16.21 | 17.90 | NOTE | |
r-devel-linux-x86_64-fedora-clang | 1.1.0 | 28.82 | NOTE | |||
r-devel-linux-x86_64-fedora-gcc | 1.1.0 | 27.41 | NOTE | |||
r-devel-windows-x86_64 | 1.1.0 | 4.00 | 39.00 | 43.00 | NOTE | |
r-patched-linux-x86_64 | 1.1.0 | 1.56 | 20.76 | 22.32 | NOTE | |
r-release-linux-x86_64 | 1.1.0 | 1.21 | 20.14 | 21.35 | NOTE | |
r-release-macos-arm64 | 1.1.0 | 15.00 | NOTE | |||
r-release-macos-x86_64 | 1.1.0 | 18.00 | NOTE | |||
r-release-windows-x86_64 | 1.1.0 | 3.00 | 36.00 | 39.00 | NOTE | |
r-oldrel-macos-arm64 | 1.1.0 | 14.00 | NOTE | |||
r-oldrel-macos-x86_64 | 1.1.0 | 30.00 | NOTE | |||
r-oldrel-windows-x86_64 | 1.1.0 | 4.00 | 40.00 | 44.00 | NOTE |
Version: 1.1.0
Check: LazyData
Result: NOTE
'LazyData' is specified without a 'data' directory
Flavors: r-devel-linux-x86_64-debian-clang, r-devel-linux-x86_64-debian-gcc, r-devel-linux-x86_64-fedora-clang, r-devel-linux-x86_64-fedora-gcc, r-devel-windows-x86_64, r-patched-linux-x86_64, r-release-linux-x86_64, r-release-macos-arm64, r-release-macos-x86_64, r-release-windows-x86_64, r-oldrel-macos-arm64, r-oldrel-macos-x86_64, r-oldrel-windows-x86_64
Version: 1.1.0
Check: dependencies in R code
Result: NOTE
Namespace in Imports field not imported from: ‘httr’
All declared Imports should be used.
Flavors: r-devel-linux-x86_64-fedora-clang, r-devel-linux-x86_64-fedora-gcc, r-oldrel-macos-arm64, r-oldrel-macos-x86_64