Last updated on 2023-12-10 15:50:42 CET.
Flavor | Version | Tinstall | Tcheck | Ttotal | Status | Flags |
---|---|---|---|---|---|---|
r-devel-linux-x86_64-debian-clang | 0.8.6 | 8.61 | 62.99 | 71.60 | OK | |
r-devel-linux-x86_64-debian-gcc | 0.8.6 | 7.51 | 48.70 | 56.21 | OK | |
r-devel-linux-x86_64-fedora-clang | 0.8.6 | 90.28 | NOTE | |||
r-devel-linux-x86_64-fedora-gcc | 0.8.6 | 87.48 | NOTE | |||
r-devel-windows-x86_64 | 0.8.6 | 11.00 | 69.00 | 80.00 | OK | |
r-patched-linux-x86_64 | 0.8.6 | 5.89 | 63.15 | 69.04 | OK | |
r-release-linux-x86_64 | 0.8.6 | 5.65 | 61.39 | 67.04 | OK | |
r-release-macos-arm64 | 0.8.6 | 29.00 | OK | |||
r-release-macos-x86_64 | 0.8.6 | 54.00 | OK | |||
r-release-windows-x86_64 | 0.8.6 | 12.00 | 76.00 | 88.00 | OK | |
r-oldrel-macos-arm64 | 0.8.6 | 31.00 | NOTE | |||
r-oldrel-macos-x86_64 | 0.8.6 | 41.00 | NOTE | |||
r-oldrel-windows-x86_64 | 0.8.6 | 13.00 | 81.00 | 94.00 | OK |
Version: 0.8.6
Check: data for non-ASCII characters
Result: NOTE
Note: found 2 marked UTF-8 strings
Flavors: r-devel-linux-x86_64-fedora-clang, r-devel-linux-x86_64-fedora-gcc, r-oldrel-macos-arm64, r-oldrel-macos-x86_64