CRAN Package Check Results for Package shinyLP

Last updated on 2022-06-28 03:51:43 CEST.

Flavor Version Tinstall Tcheck Ttotal Status Flags
r-devel-linux-x86_64-debian-clang 1.1.2 3.46 37.18 40.64 NOTE
r-devel-linux-x86_64-debian-gcc 1.1.2 3.09 29.19 32.28 NOTE
r-devel-linux-x86_64-fedora-clang 1.1.2 60.18 NOTE
r-devel-linux-x86_64-fedora-gcc 1.1.2 59.56 NOTE
r-devel-windows-x86_64 1.1.2 17.00 62.00 79.00 NOTE
r-patched-linux-x86_64 1.1.2 3.82 36.38 40.20 NOTE
r-release-linux-x86_64 1.1.2 3.99 36.80 40.79 NOTE
r-release-macos-arm64 1.1.2 19.00 NOTE
r-release-macos-x86_64 1.1.2 37.00 NOTE
r-release-windows-x86_64 1.1.2 26.00 63.00 89.00 NOTE
r-oldrel-macos-arm64 1.1.2 23.00 NOTE
r-oldrel-macos-x86_64 1.1.2 33.00 NOTE
r-oldrel-windows-ix86+x86_64 1.1.2 11.00 60.00 71.00 NOTE

Check Details

Version: 1.1.2
Check: LazyData
Result: NOTE
     'LazyData' is specified without a 'data' directory
Flavors: r-devel-linux-x86_64-debian-clang, r-devel-linux-x86_64-debian-gcc, r-devel-linux-x86_64-fedora-clang, r-devel-linux-x86_64-fedora-gcc, r-devel-windows-x86_64, r-patched-linux-x86_64, r-release-linux-x86_64, r-release-macos-arm64, r-release-macos-x86_64, r-release-windows-x86_64, r-oldrel-macos-arm64, r-oldrel-macos-x86_64, r-oldrel-windows-ix86+x86_64