CRAN Package Check Results for Package shinyKGode

Last updated on 2022-09-28 15:50:07 CEST.

Flavor Version Tinstall Tcheck Ttotal Status Flags
r-devel-linux-x86_64-debian-clang 1.0.5 2.32 22.39 24.71 NOTE
r-devel-linux-x86_64-debian-gcc 1.0.5 1.87 17.72 19.59 NOTE
r-devel-linux-x86_64-fedora-clang 1.0.5 44.17 NOTE
r-devel-linux-x86_64-fedora-gcc 1.0.5 39.74 NOTE
r-devel-windows-x86_64 1.0.5 7.00 50.00 57.00 NOTE
r-patched-linux-x86_64 1.0.5 1.49 21.75 23.24 NOTE
r-release-linux-x86_64 1.0.5 1.68 21.98 23.66 NOTE
r-release-macos-arm64 1.0.5 16.00 NOTE
r-release-macos-x86_64 1.0.5 23.00 NOTE
r-release-windows-x86_64 1.0.5 12.00 49.00 61.00 NOTE
r-oldrel-macos-arm64 1.0.5 18.00 NOTE
r-oldrel-macos-x86_64 1.0.5 27.00 NOTE
r-oldrel-windows-ix86+x86_64 1.0.5 7.00 45.00 52.00 NOTE

Check Details

Version: 1.0.5
Check: LazyData
Result: NOTE
     'LazyData' is specified without a 'data' directory
Flavors: r-devel-linux-x86_64-debian-clang, r-devel-linux-x86_64-debian-gcc, r-devel-linux-x86_64-fedora-clang, r-devel-linux-x86_64-fedora-gcc, r-devel-windows-x86_64, r-patched-linux-x86_64, r-release-linux-x86_64, r-release-macos-arm64, r-release-macos-x86_64, r-release-windows-x86_64, r-oldrel-macos-arm64, r-oldrel-macos-x86_64, r-oldrel-windows-ix86+x86_64

Version: 1.0.5
Check: dependencies in R code
Result: NOTE
    Namespaces in Imports field not imported from:
     ‘KGode’ ‘XML’ ‘ggplot2’ ‘gridExtra’ ‘mvtnorm’ ‘reshape2’ ‘shinyjs’
     All declared Imports should be used.
Flavors: r-devel-linux-x86_64-fedora-clang, r-devel-linux-x86_64-fedora-gcc, r-release-macos-arm64, r-release-macos-x86_64, r-oldrel-macos-arm64, r-oldrel-macos-x86_64