CRAN Package Check Results for Package shinyCyJS

Last updated on 2022-09-28 15:50:07 CEST.

Flavor Version Tinstall Tcheck Ttotal Status Flags
r-devel-linux-x86_64-debian-clang 0.0.11 3.33 30.38 33.71 NOTE
r-devel-linux-x86_64-debian-gcc 0.0.11 2.06 24.07 26.13 NOTE
r-devel-linux-x86_64-fedora-clang 0.0.11 55.50 NOTE
r-devel-linux-x86_64-fedora-gcc 0.0.11 49.93 NOTE
r-devel-windows-x86_64 0.0.11 24.00 61.00 85.00 NOTE
r-patched-linux-x86_64 0.0.11 3.49 29.12 32.61 NOTE
r-release-linux-x86_64 0.0.11 3.05 29.16 32.21 NOTE
r-release-macos-arm64 0.0.11 17.00 NOTE
r-release-macos-x86_64 0.0.11 25.00 NOTE
r-release-windows-x86_64 0.0.11 25.00 58.00 83.00 NOTE
r-oldrel-macos-arm64 0.0.11 23.00 NOTE
r-oldrel-macos-x86_64 0.0.11 30.00 NOTE
r-oldrel-windows-ix86+x86_64 0.0.11 11.00 51.00 62.00 NOTE

Check Details

Version: 0.0.11
Check: LazyData
Result: NOTE
     'LazyData' is specified without a 'data' directory
Flavors: r-devel-linux-x86_64-debian-clang, r-devel-linux-x86_64-debian-gcc, r-devel-linux-x86_64-fedora-clang, r-devel-linux-x86_64-fedora-gcc, r-devel-windows-x86_64, r-patched-linux-x86_64, r-release-linux-x86_64, r-release-macos-arm64, r-release-macos-x86_64, r-release-windows-x86_64, r-oldrel-macos-arm64, r-oldrel-macos-x86_64, r-oldrel-windows-ix86+x86_64