CRAN Package Check Results for Package sequences

Last updated on 2022-09-28 15:50:06 CEST.

Flavor Version Tinstall Tcheck Ttotal Status Flags
r-devel-linux-x86_64-debian-clang 0.5.9 13.42 39.52 52.94 OK
r-devel-linux-x86_64-debian-gcc 0.5.9 10.14 31.36 41.50 OK
r-devel-linux-x86_64-fedora-clang 0.5.9 85.37 NOTE
r-devel-linux-x86_64-fedora-gcc 0.5.9 77.74 NOTE
r-devel-windows-x86_64 0.5.9 53.00 99.00 152.00 OK
r-patched-linux-x86_64 0.5.9 12.59 38.75 51.34 OK
r-release-linux-x86_64 0.5.9 11.96 38.64 50.60 OK
r-release-macos-arm64 0.5.9 26.00 OK
r-release-macos-x86_64 0.5.9 36.00 OK
r-release-windows-x86_64 0.5.9 50.00 103.00 153.00 OK
r-oldrel-macos-arm64 0.5.9 38.00 OK
r-oldrel-macos-x86_64 0.5.9 49.00 OK
r-oldrel-windows-ix86+x86_64 0.5.9 38.00 99.00 137.00 OK

Check Details

Version: 0.5.9
Check: compiled code
Result: NOTE
    File ‘sequences/libs/sequences.so’:
     Found no calls to: ‘R_registerRoutines’, ‘R_useDynamicSymbols’
    
    It is good practice to register native routines and to disable symbol
    search.
    
    See ‘Writing portable packages’ in the ‘Writing R Extensions’ manual.
Flavors: r-devel-linux-x86_64-fedora-clang, r-devel-linux-x86_64-fedora-gcc