CRAN Package Check Results for Package sentryR

Last updated on 2022-10-06 15:53:56 CEST.

Flavor Version Tinstall Tcheck Ttotal Status Flags
r-devel-linux-x86_64-debian-clang 1.1.0 2.61 27.09 29.70 NOTE
r-devel-linux-x86_64-debian-gcc 1.1.0 1.96 21.44 23.40 NOTE
r-devel-linux-x86_64-fedora-clang 1.1.0 49.32 NOTE
r-devel-linux-x86_64-fedora-gcc 1.1.0 46.49 NOTE
r-devel-windows-x86_64 1.1.0 16.00 64.00 80.00 NOTE
r-patched-linux-x86_64 1.1.0 2.73 25.95 28.68 NOTE
r-release-linux-x86_64 1.1.0 2.40 26.09 28.49 NOTE
r-release-macos-arm64 1.1.0 17.00 NOTE
r-release-macos-x86_64 1.1.0 22.00 NOTE
r-release-windows-x86_64 1.1.0 14.00 58.00 72.00 NOTE
r-oldrel-macos-arm64 1.1.0 21.00 NOTE
r-oldrel-macos-x86_64 1.1.0 28.00 NOTE
r-oldrel-windows-ix86+x86_64 1.1.0 6.00 52.00 58.00 NOTE

Check Details

Version: 1.1.0
Check: LazyData
Result: NOTE
     'LazyData' is specified without a 'data' directory
Flavors: r-devel-linux-x86_64-debian-clang, r-devel-linux-x86_64-debian-gcc, r-devel-linux-x86_64-fedora-clang, r-devel-linux-x86_64-fedora-gcc, r-devel-windows-x86_64, r-patched-linux-x86_64, r-release-linux-x86_64, r-release-macos-arm64, r-release-macos-x86_64, r-release-windows-x86_64, r-oldrel-macos-arm64, r-oldrel-macos-x86_64, r-oldrel-windows-ix86+x86_64