CRAN Package Check Results for Package sendgridr

Last updated on 2022-06-25 03:51:09 CEST.

Flavor Version Tinstall Tcheck Ttotal Status Flags
r-devel-linux-x86_64-debian-clang 0.4.3 8.94 65.29 74.23 OK
r-devel-linux-x86_64-debian-gcc 0.4.3 6.55 48.41 54.96 OK
r-devel-linux-x86_64-fedora-clang 0.4.3 99.21 OK
r-devel-linux-x86_64-fedora-gcc 0.4.3 94.12 OK
r-devel-windows-x86_64 0.4.3 26.00 90.00 116.00 OK
r-patched-linux-x86_64 0.4.3 6.47 61.90 68.37 OK
r-release-linux-x86_64 0.4.3 6.20 61.03 67.23 OK
r-release-macos-arm64 0.4.3 30.00 OK
r-release-macos-x86_64 0.4.3 51.00 OK
r-release-windows-x86_64 0.4.3 27.00 95.00 122.00 OK
r-oldrel-macos-arm64 0.4.3 27.00 OK
r-oldrel-macos-x86_64 0.4.3 38.00 OK
r-oldrel-windows-ix86+x86_64 0.4.3 20.00 85.00 105.00 ERROR

Check Details

Version: 0.4.3
Check: examples
Result: ERROR
    Running examples in 'sendgridr-Ex.R' failed
    The error most likely occurred in:
    
    > ### Name: embed_rmd
    > ### Title: Embeding Rmd on body with images.
    > ### Aliases: embed_rmd
    >
    > ### ** Examples
    >
    > path <- system.file("extdata", "test.Rmd", package = "sendgridr")
    > mail() %>%
    + embed_rmd(path)
    pandoc.exe: unrecognized option `--quiet'
    Try pandoc.exe --help for more information.
    Error: pandoc document conversion failed with error 2
    Execution halted
Flavor: r-oldrel-windows-ix86+x86_64