CRAN Package Check Results for Package semver

Last updated on 2022-06-25 03:51:09 CEST.

Flavor Version Tinstall Tcheck Ttotal Status Flags
r-devel-linux-x86_64-debian-clang 0.2.0 24.82 35.75 60.57 NOTE
r-devel-linux-x86_64-debian-gcc 0.2.0 21.88 27.34 49.22 NOTE
r-devel-linux-x86_64-fedora-clang 0.2.0 100.39 NOTE
r-devel-linux-x86_64-fedora-gcc 0.2.0 84.89 NOTE
r-devel-windows-x86_64 0.2.0 32.00 83.00 115.00 NOTE
r-patched-linux-x86_64 0.2.0 22.20 34.41 56.61 NOTE
r-release-linux-x86_64 0.2.0 23.57 34.84 58.41 NOTE
r-release-macos-arm64 0.2.0 28.00 NOTE
r-release-macos-x86_64 0.2.0 41.00 NOTE
r-release-windows-x86_64 0.2.0 36.00 84.00 120.00 NOTE
r-oldrel-macos-arm64 0.2.0 32.00 NOTE
r-oldrel-macos-x86_64 0.2.0 52.00 NOTE
r-oldrel-windows-ix86+x86_64 0.2.0 66.00 82.00 148.00 NOTE

Check Details

Version: 0.2.0
Check: LazyData
Result: NOTE
     'LazyData' is specified without a 'data' directory
Flavors: r-devel-linux-x86_64-debian-clang, r-devel-linux-x86_64-debian-gcc, r-devel-linux-x86_64-fedora-clang, r-devel-linux-x86_64-fedora-gcc, r-devel-windows-x86_64, r-patched-linux-x86_64, r-release-linux-x86_64, r-release-macos-arm64, r-release-macos-x86_64, r-release-windows-x86_64, r-oldrel-macos-arm64, r-oldrel-macos-x86_64, r-oldrel-windows-ix86+x86_64

Version: 0.2.0
Check: compiled code
Result: NOTE
    File ‘semver/libs/semver.so’:
     Found no calls to: ‘R_registerRoutines’, ‘R_useDynamicSymbols’
    
    It is good practice to register native routines and to disable symbol
    search.
    
    See ‘Writing portable packages’ in the ‘Writing R Extensions’ manual.
Flavors: r-devel-linux-x86_64-fedora-clang, r-devel-linux-x86_64-fedora-gcc