Last updated on 2022-05-26 15:53:23 CEST.
Flavor | Version | Tinstall | Tcheck | Ttotal | Status | Flags |
---|---|---|---|---|---|---|
r-devel-linux-x86_64-debian-clang | 1.0.1 | 6.51 | 83.23 | 89.74 | NOTE | |
r-devel-linux-x86_64-debian-gcc | 1.0.1 | 5.40 | 70.70 | 76.10 | NOTE | |
r-devel-linux-x86_64-fedora-clang | 1.0.1 | 104.92 | NOTE | |||
r-devel-linux-x86_64-fedora-gcc | 1.0.1 | 93.61 | NOTE | |||
r-devel-windows-x86_64 | 1.0.1 | 14.00 | 98.00 | 112.00 | NOTE | |
r-patched-linux-x86_64 | 1.0.1 | 7.04 | 78.35 | 85.39 | NOTE | |
r-release-linux-x86_64 | 1.0.1 | NOTE | ||||
r-release-macos-arm64 | 1.0.1 | 28.00 | NOTE | |||
r-release-macos-x86_64 | 1.0.1 | 58.00 | NOTE | |||
r-release-windows-x86_64 | 1.0.1 | 13.00 | 100.00 | 113.00 | NOTE | |
r-oldrel-macos-arm64 | 1.0.1 | 31.00 | NOTE | |||
r-oldrel-macos-x86_64 | 1.0.1 | 45.00 | NOTE | |||
r-oldrel-windows-ix86+x86_64 | 1.0.1 | 17.00 | 93.00 | 110.00 | NOTE |
Version: 1.0.1
Check: R code for possible problems
Result: NOTE
get_statistics_from_file: no visible global function definition for
'read.csv'
glm_anova: no visible global function definition for 'aov'
glm_anova: no visible global function definition for 'glm'
glm_anova: no visible global function definition for 'gaussian'
glm_anova: no visible global function definition for 'anova'
glm_anova: no visible global function definition for 'quasipoisson'
glm_anova: no visible global function definition for 'sd'
glm_anova: no visible global function definition for 'p.adjust'
ttest_cohens_d: no visible global function definition for 't.test'
ttest_cohens_d: no visible global function definition for 'sd'
Undefined global functions or variables:
anova aov gaussian glm p.adjust quasipoisson read.csv sd t.test
Consider adding
importFrom("stats", "anova", "aov", "gaussian", "glm", "p.adjust",
"quasipoisson", "sd", "t.test")
importFrom("utils", "read.csv")
to your NAMESPACE file.
Flavors: r-devel-linux-x86_64-debian-clang, r-devel-linux-x86_64-debian-gcc, r-devel-linux-x86_64-fedora-clang, r-devel-linux-x86_64-fedora-gcc, r-devel-windows-x86_64, r-patched-linux-x86_64, r-release-linux-x86_64, r-release-macos-arm64, r-release-macos-x86_64, r-release-windows-x86_64, r-oldrel-macos-arm64, r-oldrel-macos-x86_64, r-oldrel-windows-ix86+x86_64
Version: 1.0.1
Check: for non-standard things in the check directory
Result: NOTE
Found the following files/directories:
'expression.csv' 'group.csv'
Flavors: r-devel-linux-x86_64-debian-clang, r-devel-linux-x86_64-debian-gcc, r-devel-linux-x86_64-fedora-clang, r-devel-linux-x86_64-fedora-gcc, r-patched-linux-x86_64, r-release-linux-x86_64