CRAN Package Check Results for Package seeds

Last updated on 2022-05-26 15:53:23 CEST.

Flavor Version Tinstall Tcheck Ttotal Status Flags
r-devel-linux-x86_64-debian-clang 0.9.1 9.89 85.45 95.34 OK
r-devel-linux-x86_64-debian-gcc 0.9.1 5.56 69.59 75.15 OK
r-devel-linux-x86_64-fedora-clang 0.9.1 109.47 NOTE
r-devel-linux-x86_64-fedora-gcc 0.9.1 99.02 NOTE
r-devel-windows-x86_64 0.9.1 40.00 103.00 143.00 OK
r-patched-linux-x86_64 0.9.1 10.80 80.66 91.46 OK
r-release-linux-x86_64 0.9.1 OK
r-release-macos-arm64 0.9.1 30.00 NOTE
r-release-macos-x86_64 0.9.1 51.00 NOTE
r-release-windows-x86_64 0.9.1 38.00 106.00 144.00 OK
r-oldrel-macos-arm64 0.9.1 42.00 NOTE
r-oldrel-macos-x86_64 0.9.1 60.00 NOTE
r-oldrel-windows-ix86+x86_64 0.9.1 17.00 99.00 116.00 OK

Check Details

Version: 0.9.1
Check: package dependencies
Result: NOTE
    Package suggested but not available for checking: ‘rsbml’
Flavors: r-devel-linux-x86_64-fedora-clang, r-devel-linux-x86_64-fedora-gcc, r-release-macos-arm64, r-release-macos-x86_64, r-oldrel-macos-arm64, r-oldrel-macos-x86_64